Last updated on 2024-04-23 05:06:27 CEST.
Flavor | Version | Tinstall | Tcheck | Ttotal | Status | Flags |
---|---|---|---|---|---|---|
r-devel-linux-x86_64-debian-clang | 0.9.5.3 | 11.60 | 156.21 | 167.81 | NOTE | |
r-devel-linux-x86_64-debian-gcc | 0.9.5.3 | 8.57 | 107.18 | 115.75 | NOTE | |
r-devel-linux-x86_64-fedora-clang | 0.9.5.3 | 195.17 | NOTE | |||
r-devel-linux-x86_64-fedora-gcc | 0.9.5.3 | 184.33 | NOTE | |||
r-prerel-macos-arm64 | 0.9.5.3 | 42.00 | NOTE | |||
r-prerel-windows-x86_64 | 0.9.5.3 | 14.00 | 119.00 | 133.00 | NOTE | |
r-patched-linux-x86_64 | 0.9.5.3 | 12.39 | 143.28 | 155.67 | NOTE | |
r-release-linux-x86_64 | 0.9.5.3 | 11.25 | 151.89 | 163.14 | OK | |
r-release-macos-arm64 | 0.9.5.3 | 46.00 | OK | |||
r-release-macos-x86_64 | 0.9.5.3 | 94.00 | OK | |||
r-release-windows-x86_64 | 0.9.5.3 | 14.00 | 136.00 | 150.00 | OK | |
r-oldrel-macos-arm64 | 0.9.5.3 | 46.00 | OK | |||
r-oldrel-windows-x86_64 | 0.9.5.3 | 16.00 | 140.00 | 156.00 | OK |
Version: 0.9.5.3
Check: Rd files
Result: NOTE
checkRd: (-1) CLIC.Rd:149: Lost braces
149 | Composite likelihood {E}{M} algorithm with applications to
| ^
Flavors: r-devel-linux-x86_64-debian-clang, r-devel-linux-x86_64-debian-gcc, r-devel-linux-x86_64-fedora-clang, r-devel-linux-x86_64-fedora-gcc, r-prerel-macos-arm64, r-prerel-windows-x86_64, r-patched-linux-x86_64
Version: 0.9.5.3
Check: compiled code
Result: NOTE
File ‘weightedScores/libs/weightedScores.so’:
Found no calls to: ‘R_registerRoutines’, ‘R_useDynamicSymbols’
It is good practice to register native routines and to disable symbol
search.
See ‘Writing portable packages’ in the ‘Writing R Extensions’ manual.
Flavors: r-devel-linux-x86_64-fedora-clang, r-devel-linux-x86_64-fedora-gcc