Last updated on 2024-05-01 16:53:16 CEST.
Flavor | Version | Tinstall | Tcheck | Ttotal | Status | Flags |
---|---|---|---|---|---|---|
r-devel-linux-x86_64-debian-clang | 1.1.5 | 13.25 | 130.36 | 143.61 | OK | |
r-devel-linux-x86_64-debian-gcc | 1.1.5 | 10.72 | 94.34 | 105.06 | OK | |
r-devel-linux-x86_64-fedora-clang | 1.1.5 | 165.14 | NOTE | |||
r-devel-linux-x86_64-fedora-gcc | 1.1.5 | 168.87 | NOTE | |||
r-devel-windows-x86_64 | 1.1.5 | 14.00 | 116.00 | 130.00 | OK | |
r-patched-linux-x86_64 | 1.1.5 | 15.91 | 123.19 | 139.10 | OK | |
r-release-linux-x86_64 | 1.1.5 | 14.89 | 121.00 | 135.89 | OK | |
r-release-macos-arm64 | 1.1.5 | 50.00 | OK | |||
r-release-windows-x86_64 | 1.1.5 | 16.00 | 117.00 | 133.00 | OK | |
r-oldrel-macos-arm64 | 1.1.5 | 55.00 | OK | |||
r-oldrel-macos-x86_64 | 1.1.5 | 89.00 | OK | |||
r-oldrel-windows-x86_64 | 1.1.5 | 20.00 | 134.00 | 154.00 | OK |
Version: 1.1.5
Check: compiled code
Result: NOTE
File ‘vines/libs/vines.so’:
Found no call to: ‘R_useDynamicSymbols’
It is good practice to register native routines and to disable symbol
search.
See ‘Writing portable packages’ in the ‘Writing R Extensions’ manual.
Flavors: r-devel-linux-x86_64-fedora-clang, r-devel-linux-x86_64-fedora-gcc