Last updated on 2024-05-02 05:12:56 CEST.
Flavor | Version | Tinstall | Tcheck | Ttotal | Status | Flags |
---|---|---|---|---|---|---|
r-devel-linux-x86_64-debian-clang | 1.0.1 | 33.60 | 80.51 | 114.11 | NOTE | |
r-devel-linux-x86_64-debian-gcc | 1.0.1 | 27.64 | 59.12 | 86.76 | NOTE | |
r-devel-linux-x86_64-fedora-clang | 1.0.1 | 156.33 | NOTE | |||
r-devel-linux-x86_64-fedora-gcc | 1.0.1 | 145.81 | NOTE | |||
r-devel-windows-x86_64 | 1.0.1 | 30.00 | 91.00 | 121.00 | NOTE | |
r-patched-linux-x86_64 | 1.0.1 | 33.08 | 74.57 | 107.65 | NOTE | |
r-release-linux-x86_64 | 1.0.1 | 28.40 | 74.60 | 103.00 | NOTE | |
r-release-macos-arm64 | 1.0.1 | 40.00 | NOTE | |||
r-release-windows-x86_64 | 1.0.1 | 30.00 | 89.00 | 119.00 | NOTE | |
r-oldrel-macos-arm64 | 1.0.1 | 46.00 | NOTE | |||
r-oldrel-macos-x86_64 | 1.0.1 | 75.00 | NOTE | |||
r-oldrel-windows-x86_64 | 1.0.1 | 36.00 | 108.00 | 144.00 | NOTE |
Version: 1.0.1
Check: package subdirectories
Result: NOTE
Problems with news in ‘NEWS.md’:
No news entries found.
Flavors: r-devel-linux-x86_64-debian-clang, r-devel-linux-x86_64-debian-gcc, r-devel-linux-x86_64-fedora-clang, r-devel-linux-x86_64-fedora-gcc, r-devel-windows-x86_64, r-patched-linux-x86_64, r-release-linux-x86_64, r-release-macos-arm64, r-release-windows-x86_64, r-oldrel-macos-arm64, r-oldrel-macos-x86_64, r-oldrel-windows-x86_64