Last updated on 2024-04-28 04:59:01 CEST.
Flavor | Version | Tinstall | Tcheck | Ttotal | Status | Flags |
---|---|---|---|---|---|---|
r-devel-linux-x86_64-debian-clang | 2.0.3 | 34.04 | 50.09 | 84.13 | NOTE | |
r-devel-linux-x86_64-debian-gcc | 2.0.3 | 36.69 | 36.79 | 73.48 | NOTE | |
r-devel-linux-x86_64-fedora-clang | 2.0.3 | 126.66 | NOTE | |||
r-devel-linux-x86_64-fedora-gcc | 2.0.3 | 129.72 | NOTE | |||
r-devel-windows-x86_64 | 2.0.3 | 37.00 | 73.00 | 110.00 | NOTE | |
r-patched-linux-x86_64 | 2.0.3 | 39.35 | 46.12 | 85.47 | OK | |
r-release-linux-x86_64 | 2.0.3 | 40.78 | 48.21 | 88.99 | OK | |
r-release-macos-arm64 | 2.0.3 | 32.00 | OK | |||
r-release-macos-x86_64 | 2.0.3 | 67.00 | OK | |||
r-release-windows-x86_64 | 2.0.3 | 38.00 | 74.00 | 112.00 | OK | |
r-oldrel-macos-arm64 | 2.0.3 | 37.00 | OK | |||
r-oldrel-macos-x86_64 | 2.0.3 | 63.00 | OK | |||
r-oldrel-windows-x86_64 | 2.0.3 | 46.00 | 65.00 | 111.00 | OK |
Version: 2.0.3
Check: compiled code
Result: NOTE
File ‘tweenr/libs/tweenr.so’:
Found non-API calls to R: ‘SETLENGTH’, ‘SET_TRUELENGTH’
Compiled code should not call non-API entry points in R.
See ‘Writing portable packages’ in the ‘Writing R Extensions’ manual.
Flavors: r-devel-linux-x86_64-debian-clang, r-devel-linux-x86_64-debian-gcc, r-devel-linux-x86_64-fedora-clang, r-devel-linux-x86_64-fedora-gcc
Version: 2.0.3
Check: compiled code
Result: NOTE
File 'tweenr/libs/x64/tweenr.dll':
Found non-API calls to R: 'SETLENGTH', 'SET_TRUELENGTH'
Compiled code should not call non-API entry points in R.
See 'Writing portable packages' in the 'Writing R Extensions' manual.
Flavor: r-devel-windows-x86_64