Last updated on 2024-05-02 05:12:56 CEST.
Flavor | Version | Tinstall | Tcheck | Ttotal | Status | Flags |
---|---|---|---|---|---|---|
r-devel-linux-x86_64-debian-clang | 0.3.3 | 9.74 | 41.28 | 51.02 | NOTE | |
r-devel-linux-x86_64-debian-gcc | 0.3.3 | 8.26 | 30.39 | 38.65 | NOTE | |
r-devel-linux-x86_64-fedora-clang | 0.3.3 | 67.90 | NOTE | |||
r-devel-linux-x86_64-fedora-gcc | 0.3.3 | 68.22 | NOTE | |||
r-devel-windows-x86_64 | 0.3.3 | 11.00 | 58.00 | 69.00 | NOTE | |
r-patched-linux-x86_64 | 0.3.3 | 11.47 | 39.92 | 51.39 | NOTE | |
r-release-linux-x86_64 | 0.3.3 | 11.56 | 39.29 | 50.85 | NOTE | |
r-release-macos-arm64 | 0.3.3 | 21.00 | NOTE | |||
r-release-windows-x86_64 | 0.3.3 | 11.00 | 57.00 | 68.00 | NOTE | |
r-oldrel-macos-arm64 | 0.3.3 | 23.00 | NOTE | |||
r-oldrel-macos-x86_64 | 0.3.3 | 33.00 | NOTE | |||
r-oldrel-windows-x86_64 | 0.3.3 | 13.00 | 62.00 | 75.00 | NOTE |
Version: 0.3.3
Check: package subdirectories
Result: NOTE
Problems with news in ‘NEWS.md’:
No news entries found.
Flavors: r-devel-linux-x86_64-debian-clang, r-devel-linux-x86_64-debian-gcc, r-devel-linux-x86_64-fedora-clang, r-devel-linux-x86_64-fedora-gcc, r-devel-windows-x86_64, r-patched-linux-x86_64, r-release-linux-x86_64, r-release-macos-arm64, r-release-windows-x86_64, r-oldrel-macos-arm64, r-oldrel-macos-x86_64, r-oldrel-windows-x86_64