Last updated on 2024-05-02 05:12:55 CEST.
Flavor | Version | Tinstall | Tcheck | Ttotal | Status | Flags |
---|---|---|---|---|---|---|
r-devel-linux-x86_64-debian-clang | 0.1.4 | 11.72 | 115.65 | 127.37 | OK | |
r-devel-linux-x86_64-debian-gcc | 0.1.4 | 8.91 | 87.21 | 96.12 | OK | |
r-devel-linux-x86_64-fedora-clang | 0.1.4 | 161.94 | NOTE | |||
r-devel-linux-x86_64-fedora-gcc | 0.1.4 | 170.47 | NOTE | |||
r-devel-windows-x86_64 | 0.1.4 | 12.00 | 110.00 | 122.00 | OK | |
r-patched-linux-x86_64 | 0.1.4 | 10.45 | 111.93 | 122.38 | OK | |
r-release-linux-x86_64 | 0.1.4 | 12.09 | 111.94 | 124.03 | OK | |
r-release-macos-arm64 | 0.1.4 | 54.00 | OK | |||
r-release-windows-x86_64 | 0.1.4 | 11.00 | 108.00 | 119.00 | OK | |
r-oldrel-macos-arm64 | 0.1.4 | 57.00 | OK | |||
r-oldrel-macos-x86_64 | 0.1.4 | 114.00 | OK | |||
r-oldrel-windows-x86_64 | 0.1.4 | 13.00 | 125.00 | 138.00 | OK |
Version: 0.1.4
Check: data for non-ASCII characters
Result: NOTE
Note: found 827 marked UTF-8 strings
Flavors: r-devel-linux-x86_64-fedora-clang, r-devel-linux-x86_64-fedora-gcc