Last updated on 2024-05-02 05:12:55 CEST.
Flavor | Version | Tinstall | Tcheck | Ttotal | Status | Flags |
---|---|---|---|---|---|---|
r-devel-linux-x86_64-debian-clang | 1.0.5 | 156.80 | 273.90 | 430.70 | OK | |
r-devel-linux-x86_64-debian-gcc | 1.0.5 | 152.60 | 205.56 | 358.16 | OK | |
r-devel-linux-x86_64-fedora-clang | 1.0.5 | 537.80 | OK | |||
r-devel-linux-x86_64-fedora-gcc | 1.0.5 | 670.36 | OK | |||
r-devel-windows-x86_64 | 1.0.5 | 118.00 | 282.00 | 400.00 | NOTE | |
r-patched-linux-x86_64 | 1.0.5 | 143.65 | 259.24 | 402.89 | OK | |
r-release-linux-x86_64 | 1.0.5 | 145.76 | 266.10 | 411.86 | OK | |
r-release-macos-arm64 | 1.0.5 | 153.00 | NOTE | |||
r-release-windows-x86_64 | 1.0.5 | 121.00 | 275.00 | 396.00 | NOTE | |
r-oldrel-macos-arm64 | 1.0.5 | 123.00 | NOTE | |||
r-oldrel-macos-x86_64 | 1.0.5 | 314.00 | NOTE | |||
r-oldrel-windows-x86_64 | 1.0.5 | 156.00 | 338.00 | 494.00 | NOTE |
Version: 1.0.5
Check: installed package size
Result: NOTE
installed size is 15.9Mb
sub-directories of 1Mb or more:
doc 2.1Mb
libs 13.3Mb
Flavors: r-devel-windows-x86_64, r-release-macos-arm64, r-release-windows-x86_64, r-oldrel-macos-arm64, r-oldrel-macos-x86_64, r-oldrel-windows-x86_64