Last updated on 2024-05-02 05:12:55 CEST.
Flavor | Version | Tinstall | Tcheck | Ttotal | Status | Flags |
---|---|---|---|---|---|---|
r-devel-linux-x86_64-debian-clang | 0.1.4 | 5.61 | 61.67 | 67.28 | OK | |
r-devel-linux-x86_64-debian-gcc | 0.1.4 | 3.91 | 45.32 | 49.23 | OK | |
r-devel-linux-x86_64-fedora-clang | 0.1.4 | 86.11 | NOTE | |||
r-devel-linux-x86_64-fedora-gcc | 0.1.4 | 94.12 | NOTE | |||
r-devel-windows-x86_64 | 0.1.4 | 7.00 | 66.00 | 73.00 | OK | |
r-patched-linux-x86_64 | 0.1.4 | 3.59 | 58.51 | 62.10 | OK | |
r-release-linux-x86_64 | 0.1.4 | 3.64 | 57.85 | 61.49 | OK | |
r-release-macos-arm64 | 0.1.4 | 33.00 | OK | |||
r-release-windows-x86_64 | 0.1.4 | 6.00 | 64.00 | 70.00 | OK | |
r-oldrel-macos-arm64 | 0.1.4 | 34.00 | OK | |||
r-oldrel-macos-x86_64 | 0.1.4 | 54.00 | OK | |||
r-oldrel-windows-x86_64 | 0.1.4 | 8.00 | 73.00 | 81.00 | OK |
Version: 0.1.4
Check: data for non-ASCII characters
Result: NOTE
Note: found 4490 marked UTF-8 strings
Flavors: r-devel-linux-x86_64-fedora-clang, r-devel-linux-x86_64-fedora-gcc