Last updated on 2024-04-28 04:59:00 CEST.
Flavor | Version | Tinstall | Tcheck | Ttotal | Status | Flags |
---|---|---|---|---|---|---|
r-devel-linux-x86_64-debian-clang | 1.3.1 | 17.41 | 103.80 | 121.21 | NOTE | |
r-devel-linux-x86_64-debian-gcc | 1.3.1 | 12.93 | 75.60 | 88.53 | NOTE | |
r-devel-linux-x86_64-fedora-clang | 1.3.1 | 168.32 | NOTE | |||
r-devel-linux-x86_64-fedora-gcc | 1.3.1 | 145.46 | NOTE | |||
r-devel-windows-x86_64 | 1.3.1 | 18.00 | 104.00 | 122.00 | NOTE | |
r-patched-linux-x86_64 | 1.3.1 | 16.75 | 96.09 | 112.84 | OK | |
r-release-linux-x86_64 | 1.3.1 | 15.75 | 99.41 | 115.16 | OK | |
r-release-macos-arm64 | 1.3.1 | 41.00 | OK | |||
r-release-macos-x86_64 | 1.3.1 | 111.00 | OK | |||
r-release-windows-x86_64 | 1.3.1 | 18.00 | 106.00 | 124.00 | OK | |
r-oldrel-macos-arm64 | 1.3.1 | 49.00 | OK | |||
r-oldrel-macos-x86_64 | 1.3.1 | 97.00 | OK | |||
r-oldrel-windows-x86_64 | 1.3.1 | 21.00 | 128.00 | 149.00 | OK |
Version: 1.3.1
Check: compiled code
Result: NOTE
File ‘tidygraph/libs/tidygraph.so’:
Found non-API calls to R: ‘SETLENGTH’, ‘SET_TRUELENGTH’
Compiled code should not call non-API entry points in R.
See ‘Writing portable packages’ in the ‘Writing R Extensions’ manual.
Flavors: r-devel-linux-x86_64-debian-clang, r-devel-linux-x86_64-debian-gcc, r-devel-linux-x86_64-fedora-clang, r-devel-linux-x86_64-fedora-gcc
Version: 1.3.1
Check: compiled code
Result: NOTE
File 'tidygraph/libs/x64/tidygraph.dll':
Found non-API calls to R: 'SETLENGTH', 'SET_TRUELENGTH'
Compiled code should not call non-API entry points in R.
See 'Writing portable packages' in the 'Writing R Extensions' manual.
Flavor: r-devel-windows-x86_64