Last updated on 2024-05-02 05:12:54 CEST.
Flavor | Version | Tinstall | Tcheck | Ttotal | Status | Flags |
---|---|---|---|---|---|---|
r-devel-linux-x86_64-debian-clang | 0.2.0 | 26.11 | 254.68 | 280.79 | OK | |
r-devel-linux-x86_64-debian-gcc | 0.2.0 | 16.69 | 182.27 | 198.96 | OK | |
r-devel-linux-x86_64-fedora-clang | 0.2.0 | 342.86 | NOTE | |||
r-devel-linux-x86_64-fedora-gcc | 0.2.0 | 336.68 | NOTE | |||
r-devel-windows-x86_64 | 0.2.0 | 19.00 | 183.00 | 202.00 | OK | |
r-patched-linux-x86_64 | 0.2.0 | 17.79 | 240.29 | 258.08 | OK | |
r-release-linux-x86_64 | 0.2.0 | 14.38 | 237.83 | 252.21 | OK | |
r-release-macos-arm64 | 0.2.0 | 93.00 | OK | |||
r-release-windows-x86_64 | 0.2.0 | 19.00 | 185.00 | 204.00 | OK | |
r-oldrel-macos-arm64 | 0.2.0 | 112.00 | OK | |||
r-oldrel-macos-x86_64 | 0.2.0 | 213.00 | OK | |||
r-oldrel-windows-x86_64 | 0.2.0 | 23.00 | 238.00 | 261.00 | OK |
Version: 0.2.0
Check: data for non-ASCII characters
Result: NOTE
Note: found 1 marked UTF-8 string
Flavors: r-devel-linux-x86_64-fedora-clang, r-devel-linux-x86_64-fedora-gcc