Last updated on 2024-04-19 05:11:00 CEST.
Flavor | Version | Tinstall | Tcheck | Ttotal | Status | Flags |
---|---|---|---|---|---|---|
r-devel-linux-x86_64-debian-clang | 1.3 | 1.68 | 41.72 | 43.40 | NOTE | |
r-devel-linux-x86_64-debian-gcc | 1.3 | 2.08 | 30.87 | 32.95 | NOTE | |
r-devel-linux-x86_64-fedora-clang | 1.3 | 54.29 | NOTE | |||
r-devel-linux-x86_64-fedora-gcc | 1.3 | 56.30 | NOTE | |||
r-prerel-macos-arm64 | 1.3 | 20.00 | OK | |||
r-prerel-windows-x86_64 | 1.3 | 4.00 | 58.00 | 62.00 | OK | |
r-patched-linux-x86_64 | 1.3 | 2.02 | 40.50 | 42.52 | NOTE | |
r-release-linux-x86_64 | 1.3 | 2.33 | 40.78 | 43.11 | NOTE | |
r-release-macos-arm64 | 1.3 | 28.00 | OK | |||
r-release-macos-x86_64 | 1.3 | 31.00 | OK | |||
r-release-windows-x86_64 | 1.3 | 4.00 | 59.00 | 63.00 | OK | |
r-oldrel-macos-arm64 | 1.3 | 21.00 | NOTE | |||
r-oldrel-windows-x86_64 | 1.3 | 5.00 | 66.00 | 71.00 | OK |
Version: 1.3
Check: for non-standard things in the check directory
Result: NOTE
Found the following files/directories:
‘corrviz.html’
Flavors: r-devel-linux-x86_64-debian-clang, r-devel-linux-x86_64-debian-gcc, r-devel-linux-x86_64-fedora-clang, r-devel-linux-x86_64-fedora-gcc, r-patched-linux-x86_64, r-release-linux-x86_64
Version: 1.3
Check: dependencies in R code
Result: NOTE
Namespaces in Imports field not imported from:
‘SnowballC’ ‘tm’
All declared Imports should be used.
Flavors: r-devel-linux-x86_64-fedora-clang, r-devel-linux-x86_64-fedora-gcc, r-oldrel-macos-arm64