Last updated on 2024-04-25 06:02:27 CEST.
Flavor | Version | Tinstall | Tcheck | Ttotal | Status | Flags |
---|---|---|---|---|---|---|
r-devel-linux-x86_64-debian-clang | 1.15 | 12.08 | 38.38 | 50.46 | NOTE | |
r-devel-linux-x86_64-debian-gcc | 1.15 | 7.70 | 36.52 | 44.22 | NOTE | |
r-devel-linux-x86_64-fedora-clang | 1.15 | 72.04 | NOTE | |||
r-devel-linux-x86_64-fedora-gcc | 1.15 | 83.80 | NOTE | |||
r-devel-windows-x86_64 | 1.15 | 15.00 | 62.00 | 77.00 | NOTE | |
r-patched-linux-x86_64 | 1.15 | 10.37 | 43.39 | 53.76 | NOTE | |
r-release-linux-x86_64 | 1.15 | 11.34 | 44.07 | 55.41 | NOTE | |
r-release-macos-arm64 | 1.15 | 30.00 | NOTE | |||
r-release-windows-x86_64 | 1.15 | 11.00 | 61.00 | 72.00 | NOTE | |
r-oldrel-macos-arm64 | 1.15 | 28.00 | NOTE | |||
r-oldrel-macos-x86_64 | 1.15 | 38.00 | NOTE | |||
r-oldrel-windows-x86_64 | 1.15 | 16.00 | 66.00 | 82.00 | NOTE |
Version: 1.15
Check: C++ specification
Result: NOTE
Specified C++11: please drop specification unless essential
Flavors: r-devel-linux-x86_64-debian-clang, r-devel-linux-x86_64-debian-gcc, r-devel-linux-x86_64-fedora-clang, r-devel-linux-x86_64-fedora-gcc, r-devel-windows-x86_64, r-patched-linux-x86_64, r-release-linux-x86_64, r-release-macos-arm64, r-release-windows-x86_64, r-oldrel-macos-arm64, r-oldrel-macos-x86_64, r-oldrel-windows-x86_64