Last updated on 2024-04-23 16:58:30 CEST.
Flavor | Version | Tinstall | Tcheck | Ttotal | Status | Flags |
---|---|---|---|---|---|---|
r-devel-linux-x86_64-debian-clang | 5.0-1 | 16.39 | 176.56 | 192.95 | NOTE | |
r-devel-linux-x86_64-debian-gcc | 5.0-1 | 11.12 | 125.62 | 136.74 | NOTE | |
r-devel-linux-x86_64-fedora-clang | 5.0-1 | 228.64 | NOTE | |||
r-devel-linux-x86_64-fedora-gcc | 5.0-1 | 218.79 | NOTE | |||
r-prerel-macos-arm64 | 5.0-1 | 59.00 | NOTE | |||
r-prerel-windows-x86_64 | 5.0-1 | 13.00 | 150.00 | 163.00 | NOTE | |
r-patched-linux-x86_64 | 5.0-1 | 9.76 | 166.04 | 175.80 | NOTE | |
r-release-linux-x86_64 | 5.0-1 | 10.87 | 171.15 | 182.02 | NOTE | |
r-release-macos-arm64 | 5.0-1 | 71.00 | NOTE | |||
r-release-macos-x86_64 | 5.0-1 | 116.00 | NOTE | |||
r-release-windows-x86_64 | 5.0-1 | 16.00 | 183.00 | 199.00 | NOTE | |
r-oldrel-macos-arm64 | 5.0-1 | 66.00 | NOTE | |||
r-oldrel-windows-x86_64 | 5.0-1 | 16.00 | 184.00 | 200.00 | NOTE |
Version: 5.0-1
Check: package dependencies
Result: NOTE
Depends: includes the non-default packages:
'spatstat.data', 'spatstat.sparse', 'spatstat.geom',
'spatstat.random', 'spatstat.explore', 'spatstat.model', 'spatstat'
Adding so many packages to the search path is excessive and importing
selectively is preferable.
Flavors: r-devel-linux-x86_64-debian-clang, r-devel-linux-x86_64-debian-gcc, r-devel-linux-x86_64-fedora-clang, r-devel-linux-x86_64-fedora-gcc, r-prerel-macos-arm64, r-prerel-windows-x86_64, r-patched-linux-x86_64, r-release-linux-x86_64, r-release-macos-arm64, r-release-macos-x86_64, r-release-windows-x86_64, r-oldrel-macos-arm64, r-oldrel-windows-x86_64