Last updated on 2024-05-02 05:12:53 CEST.
Flavor | Version | Tinstall | Tcheck | Ttotal | Status | Flags |
---|---|---|---|---|---|---|
r-devel-linux-x86_64-debian-clang | 3.2-7 | 59.32 | 459.07 | 518.39 | OK | |
r-devel-linux-x86_64-debian-gcc | 3.2-7 | 48.62 | 323.64 | 372.26 | OK | |
r-devel-linux-x86_64-fedora-clang | 3.2-7 | 633.37 | OK | |||
r-devel-linux-x86_64-fedora-gcc | 3.2-7 | 601.23 | OK | |||
r-devel-windows-x86_64 | 3.2-7 | 61.00 | 412.00 | 473.00 | OK | |
r-patched-linux-x86_64 | 3.2-7 | 75.35 | 429.73 | 505.08 | OK | |
r-release-linux-x86_64 | 3.2-7 | 60.29 | 435.19 | 495.48 | OK | |
r-release-macos-arm64 | 3.2-7 | 145.00 | OK | |||
r-release-macos-x86_64 | 3.2-7 | 480.00 | NOTE | |||
r-release-windows-x86_64 | 3.2-7 | 63.00 | 410.00 | 473.00 | OK | |
r-oldrel-macos-arm64 | 3.2-7 | 156.00 | OK | |||
r-oldrel-macos-x86_64 | 3.2-7 | 384.00 | NOTE | |||
r-oldrel-windows-x86_64 | 3.2-7 | 74.00 | 529.00 | 603.00 | OK |
Version: 3.2-7
Check: installed package size
Result: NOTE
installed size is 5.0Mb
sub-directories of 1Mb or more:
R 2.1Mb
help 2.1Mb
Flavors: r-release-macos-x86_64, r-oldrel-macos-x86_64