Last updated on 2024-03-28 04:54:34 CET.
Flavor | Version | Tinstall | Tcheck | Ttotal | Status | Flags |
---|---|---|---|---|---|---|
r-devel-linux-x86_64-debian-clang | 4.0 | 7.17 | 35.28 | 42.45 | NOTE | |
r-devel-linux-x86_64-debian-gcc | 4.0 | 6.27 | 27.64 | 33.91 | NOTE | |
r-devel-linux-x86_64-fedora-clang | 4.0 | 55.22 | NOTE | |||
r-devel-linux-x86_64-fedora-gcc | 4.0 | 312.78 | NOTE | |||
r-devel-windows-x86_64 | 4.0 | 9.00 | 53.00 | 62.00 | NOTE | |
r-patched-linux-x86_64 | 4.0 | 8.47 | 34.07 | 42.54 | OK | |
r-release-linux-x86_64 | 4.0 | 7.93 | 34.07 | 42.00 | OK | |
r-release-macos-arm64 | 4.0 | 128.00 | OK | |||
r-release-macos-x86_64 | 4.0 | 220.00 | OK | |||
r-release-windows-x86_64 | 4.0 | 8.00 | 55.00 | 63.00 | OK | |
r-oldrel-macos-arm64 | 4.0 | 112.00 | OK | |||
r-oldrel-windows-x86_64 | 4.0 | 11.00 | 60.00 | 71.00 | OK |
Version: 4.0
Check: Rd files
Result: NOTE
checkRd: (-1) elasticNetSEMcv.Rd:69: Lost braces in \itemize; \value handles \item{}{} directly
checkRd: (-1) elasticNetSEMcv.Rd:71-74: Lost braces in \itemize; \value handles \item{}{} directly
checkRd: (-1) elasticNetSEMcv.Rd:75-82: Lost braces in \itemize; \value handles \item{}{} directly
checkRd: (-1) elasticNetSEMcv.Rd:83-92: Lost braces in \itemize; \value handles \item{}{} directly
checkRd: (-1) elasticNetSEMcv.Rd:93: Lost braces in \itemize; \value handles \item{}{} directly
checkRd: (-1) elasticNetSEMcv.Rd:94: Lost braces in \itemize; \value handles \item{}{} directly
Flavors: r-devel-linux-x86_64-debian-clang, r-devel-linux-x86_64-debian-gcc, r-devel-linux-x86_64-fedora-clang, r-devel-linux-x86_64-fedora-gcc, r-devel-windows-x86_64