Last updated on 2024-04-24 05:07:29 CEST.
Flavor | Version | Tinstall | Tcheck | Ttotal | Status | Flags |
---|---|---|---|---|---|---|
r-devel-linux-x86_64-debian-clang | 2.1.1 | 24.33 | 174.77 | 199.10 | NOTE | |
r-devel-linux-x86_64-debian-gcc | 2.1.1 | 18.19 | 120.18 | 138.37 | NOTE | |
r-devel-linux-x86_64-fedora-clang | 2.1.1 | 242.29 | NOTE | |||
r-devel-linux-x86_64-fedora-gcc | 2.1.1 | 236.70 | NOTE | |||
r-prerel-macos-arm64 | 2.1.1 | 63.00 | NOTE | |||
r-prerel-windows-x86_64 | 2.1.1 | 19.00 | 140.00 | 159.00 | NOTE | |
r-patched-linux-x86_64 | 2.1.1 | 26.64 | 157.88 | 184.52 | NOTE | |
r-release-linux-x86_64 | 2.1.1 | 22.76 | 161.24 | 184.00 | OK | |
r-release-macos-arm64 | 2.1.1 | 59.00 | OK | |||
r-release-macos-x86_64 | 2.1.1 | 108.00 | OK | |||
r-release-windows-x86_64 | 2.1.1 | 26.00 | 171.00 | 197.00 | OK | |
r-oldrel-macos-arm64 | 2.1.1 | 52.00 | OK | |||
r-oldrel-windows-x86_64 | 2.1.1 | 25.00 | 163.00 | 188.00 | OK |
Version: 2.1.1
Check: Rd files
Result: NOTE
checkRd: (-1) plot.selm.Rd:101: Lost braces
101 | data. Default value for code{which} is \code{2:4} if \code{p>1}, otherwise
| ^
Flavors: r-devel-linux-x86_64-debian-clang, r-devel-linux-x86_64-debian-gcc, r-devel-linux-x86_64-fedora-clang, r-devel-linux-x86_64-fedora-gcc, r-prerel-macos-arm64, r-prerel-windows-x86_64, r-patched-linux-x86_64