Last updated on 2024-05-01 16:53:11 CEST.
Flavor | Version | Tinstall | Tcheck | Ttotal | Status | Flags |
---|---|---|---|---|---|---|
r-devel-linux-x86_64-debian-clang | 3.0.1 | 332.88 | 82.69 | 415.57 | OK | |
r-devel-linux-x86_64-debian-gcc | 3.0.1 | 243.06 | 62.39 | 305.45 | OK | |
r-devel-linux-x86_64-fedora-clang | 3.0.1 | 603.75 | OK | |||
r-devel-linux-x86_64-fedora-gcc | 3.0.1 | 595.52 | OK | |||
r-devel-windows-x86_64 | 3.0.1 | 234.00 | 128.00 | 362.00 | OK | |
r-patched-linux-x86_64 | 3.0.1 | 308.77 | 79.26 | 388.03 | OK | |
r-release-linux-x86_64 | 3.0.1 | 298.80 | 77.92 | 376.72 | OK | |
r-release-macos-arm64 | 3.0.1 | 109.00 | NOTE | |||
r-release-macos-x86_64 | 3.0.1 | 185.00 | NOTE | |||
r-release-windows-x86_64 | 3.0.1 | 250.00 | 132.00 | 382.00 | OK | |
r-oldrel-macos-arm64 | 3.0.1 | 130.00 | NOTE | |||
r-oldrel-macos-x86_64 | 3.0.1 | 208.00 | NOTE | |||
r-oldrel-windows-x86_64 | 3.0.1 | 299.00 | 132.00 | 431.00 | OK |
Version: 3.0.1
Check: installed package size
Result: NOTE
installed size is 12.1Mb
sub-directories of 1Mb or more:
libs 11.1Mb
Flavors: r-release-macos-arm64, r-release-macos-x86_64, r-oldrel-macos-arm64, r-oldrel-macos-x86_64