Last updated on 2024-05-02 05:12:51 CEST.
Flavor | Version | Tinstall | Tcheck | Ttotal | Status | Flags |
---|---|---|---|---|---|---|
r-devel-linux-x86_64-debian-clang | 3.1-15 | 29.08 | 144.06 | 173.14 | NOTE | |
r-devel-linux-x86_64-debian-gcc | 3.1-15 | 22.47 | 102.16 | 124.63 | NOTE | |
r-devel-linux-x86_64-fedora-clang | 3.1-15 | 214.96 | NOTE | |||
r-devel-linux-x86_64-fedora-gcc | 3.1-15 | 200.82 | NOTE | |||
r-devel-windows-x86_64 | 3.1-15 | 25.00 | 119.00 | 144.00 | NOTE | |
r-patched-linux-x86_64 | 3.1-15 | 32.09 | 137.58 | 169.67 | NOTE | |
r-release-linux-x86_64 | 3.1-15 | 21.06 | 133.07 | 154.13 | NOTE | |
r-release-macos-arm64 | 3.1-15 | 56.00 | NOTE | |||
r-release-windows-x86_64 | 3.1-15 | 24.00 | 119.00 | 143.00 | NOTE | |
r-oldrel-macos-arm64 | 3.1-15 | 63.00 | OK | |||
r-oldrel-macos-x86_64 | 3.1-15 | 103.00 | OK | |||
r-oldrel-windows-x86_64 | 3.1-15 | 32.00 | 165.00 | 197.00 | OK |
Version: 3.1-15
Check: Rd files
Result: NOTE
checkRd: (-1) information.criteria.Rd:33: Lost braces
33 | \emph{Psychometrika} bold{52}, 345--370.
| ^
checkRd: (-1) specifyModel.Rd:49: Lost braces
49 | to specifying the ]code{file} argument or reading the model specification from
| ^
Flavors: r-devel-linux-x86_64-debian-clang, r-devel-linux-x86_64-debian-gcc, r-devel-linux-x86_64-fedora-clang, r-devel-linux-x86_64-fedora-gcc, r-devel-windows-x86_64, r-patched-linux-x86_64, r-release-linux-x86_64, r-release-macos-arm64, r-release-windows-x86_64