Last updated on 2024-05-02 05:12:51 CEST.
Flavor | Version | Tinstall | Tcheck | Ttotal | Status | Flags |
---|---|---|---|---|---|---|
r-devel-linux-x86_64-debian-clang | 0.1.1 | 10.07 | 155.79 | 165.86 | NOTE | |
r-devel-linux-x86_64-debian-gcc | 0.1.1 | 7.93 | 108.56 | 116.49 | NOTE | |
r-devel-linux-x86_64-fedora-clang | 0.1.1 | 211.77 | NOTE | |||
r-devel-linux-x86_64-fedora-gcc | 0.1.1 | 210.47 | NOTE | |||
r-devel-windows-x86_64 | 0.1.1 | 10.00 | 126.00 | 136.00 | NOTE | |
r-patched-linux-x86_64 | 0.1.1 | 8.70 | 143.17 | 151.87 | NOTE | |
r-release-linux-x86_64 | 0.1.1 | 10.37 | 143.01 | 153.38 | NOTE | |
r-release-macos-arm64 | 0.1.1 | 61.00 | NOTE | |||
r-release-windows-x86_64 | 0.1.1 | 10.00 | 126.00 | 136.00 | NOTE | |
r-oldrel-macos-arm64 | 0.1.1 | 65.00 | NOTE | |||
r-oldrel-macos-x86_64 | 0.1.1 | 110.00 | NOTE | |||
r-oldrel-windows-x86_64 | 0.1.1 | 13.00 | 149.00 | 162.00 | NOTE |
Version: 0.1.1
Check: LazyData
Result: NOTE
'LazyData' is specified without a 'data' directory
Flavors: r-devel-linux-x86_64-debian-clang, r-devel-linux-x86_64-debian-gcc, r-devel-linux-x86_64-fedora-clang, r-devel-linux-x86_64-fedora-gcc, r-devel-windows-x86_64, r-patched-linux-x86_64, r-release-linux-x86_64, r-release-macos-arm64, r-release-windows-x86_64, r-oldrel-macos-arm64, r-oldrel-macos-x86_64, r-oldrel-windows-x86_64