Last updated on 2024-05-02 05:12:50 CEST.
Flavor | Version | Tinstall | Tcheck | Ttotal | Status | Flags |
---|---|---|---|---|---|---|
r-devel-linux-x86_64-debian-clang | 0.1.4 | 2.31 | 31.18 | 33.49 | NOTE | |
r-devel-linux-x86_64-debian-gcc | 0.1.4 | 2.23 | 23.92 | 26.15 | OK | |
r-devel-linux-x86_64-fedora-clang | 0.1.4 | 44.06 | NOTE | |||
r-devel-linux-x86_64-fedora-gcc | 0.1.4 | 42.21 | OK | |||
r-devel-windows-x86_64 | 0.1.4 | 4.00 | 46.00 | 50.00 | OK | |
r-patched-linux-x86_64 | 0.1.4 | 3.74 | 30.03 | 33.77 | OK | |
r-release-linux-x86_64 | 0.1.4 | 3.11 | 30.64 | 33.75 | OK | |
r-release-macos-arm64 | 0.1.4 | 19.00 | OK | |||
r-release-windows-x86_64 | 0.1.4 | 4.00 | 48.00 | 52.00 | OK | |
r-oldrel-macos-arm64 | 0.1.4 | 20.00 | OK | |||
r-oldrel-macos-x86_64 | 0.1.4 | 36.00 | OK | |||
r-oldrel-windows-x86_64 | 0.1.4 | 5.00 | 49.00 | 54.00 | OK |
Version: 0.1.4
Check: package dependencies
Result: NOTE
Package suggested but not available for checking: ‘RQuantLib’
Flavors: r-devel-linux-x86_64-debian-clang, r-devel-linux-x86_64-fedora-clang