Last updated on 2024-05-02 05:12:50 CEST.
Flavor | Version | Tinstall | Tcheck | Ttotal | Status | Flags |
---|---|---|---|---|---|---|
r-devel-linux-x86_64-debian-clang | 0.9.16 | 29.02 | 70.59 | 99.61 | NOTE | |
r-devel-linux-x86_64-debian-gcc | 0.9.16 | 23.25 | 50.52 | 73.77 | NOTE | |
r-devel-linux-x86_64-fedora-clang | 0.9.16 | 131.52 | NOTE | |||
r-devel-linux-x86_64-fedora-gcc | 0.9.16 | 140.43 | NOTE | |||
r-devel-windows-x86_64 | 0.9.16 | 27.00 | 88.00 | 115.00 | NOTE | |
r-patched-linux-x86_64 | 0.9.16 | 33.43 | 62.39 | 95.82 | NOTE | |
r-release-linux-x86_64 | 0.9.16 | 33.23 | 62.89 | 96.12 | NOTE | |
r-release-macos-arm64 | 0.9.17 | 60.00 | NOTE | |||
r-release-macos-x86_64 | 0.9.17 | 152.00 | NOTE | |||
r-release-windows-x86_64 | 0.9.16 | 27.00 | 92.00 | 119.00 | NOTE | |
r-oldrel-macos-arm64 | 0.9.17 | 52.00 | NOTE | |||
r-oldrel-macos-x86_64 | 0.9.17 | 109.00 | NOTE | |||
r-oldrel-windows-x86_64 | 0.9.16 | 33.00 | 104.00 | 137.00 | NOTE |
Version: 0.9.16
Check: for GNU extensions in Makefiles
Result: NOTE
GNU make is a SystemRequirements.
Flavors: r-devel-linux-x86_64-debian-clang, r-devel-linux-x86_64-debian-gcc, r-devel-linux-x86_64-fedora-clang, r-devel-linux-x86_64-fedora-gcc, r-devel-windows-x86_64, r-patched-linux-x86_64, r-release-linux-x86_64, r-release-windows-x86_64, r-oldrel-windows-x86_64
Version: 0.9.17
Check: for GNU extensions in Makefiles
Result: NOTE
GNU make is a SystemRequirements.
Flavors: r-release-macos-arm64, r-release-macos-x86_64, r-oldrel-macos-arm64, r-oldrel-macos-x86_64