Last updated on 2024-05-02 05:12:49 CEST.
Flavor | Version | Tinstall | Tcheck | Ttotal | Status | Flags |
---|---|---|---|---|---|---|
r-devel-linux-x86_64-debian-clang | 1.0.17 | 28.49 | 183.75 | 212.24 | OK | |
r-devel-linux-x86_64-debian-gcc | 1.0.17 | 18.97 | 134.56 | 153.53 | OK | |
r-devel-linux-x86_64-fedora-clang | 1.0.17 | 259.68 | NOTE | |||
r-devel-linux-x86_64-fedora-gcc | 1.0.17 | 264.34 | NOTE | |||
r-devel-windows-x86_64 | 1.0.17 | 23.00 | 153.00 | 176.00 | OK | |
r-patched-linux-x86_64 | 1.0.17 | 27.80 | 173.44 | 201.24 | OK | |
r-release-linux-x86_64 | 1.0.17 | 31.35 | 172.74 | 204.09 | OK | |
r-release-macos-arm64 | 1.0.17 | 66.00 | OK | |||
r-release-windows-x86_64 | 1.0.17 | 24.00 | 154.00 | 178.00 | OK | |
r-oldrel-macos-arm64 | 1.0.17 | 70.00 | OK | |||
r-oldrel-macos-x86_64 | 1.0.17 | 211.00 | OK | |||
r-oldrel-windows-x86_64 | 1.0.17 | 28.00 | 183.00 | 211.00 | OK |
Version: 1.0.17
Check: data for non-ASCII characters
Result: NOTE
Note: found 1036 marked UTF-8 strings
Flavors: r-devel-linux-x86_64-fedora-clang, r-devel-linux-x86_64-fedora-gcc