Last updated on 2024-05-02 05:12:48 CEST.
Flavor | Version | Tinstall | Tcheck | Ttotal | Status | Flags |
---|---|---|---|---|---|---|
r-devel-linux-x86_64-debian-clang | 0.1.6 | 35.13 | 34.68 | 69.81 | OK | |
r-devel-linux-x86_64-debian-gcc | 0.1.6 | 42.33 | 26.39 | 68.72 | OK | |
r-devel-linux-x86_64-fedora-clang | 0.1.6 | 90.71 | NOTE | |||
r-devel-linux-x86_64-fedora-gcc | 0.1.6 | 132.93 | OK | |||
r-devel-windows-x86_64 | 0.1.6 | 35.00 | 57.00 | 92.00 | OK | |
r-patched-linux-x86_64 | 0.1.6 | 47.19 | 33.50 | 80.69 | OK | |
r-release-linux-x86_64 | 0.1.6 | 45.39 | 33.09 | 78.48 | OK | |
r-release-macos-arm64 | 0.1.6 | 39.00 | OK | |||
r-release-windows-x86_64 | 0.1.6 | 36.00 | 57.00 | 93.00 | OK | |
r-oldrel-macos-arm64 | 0.1.6 | 44.00 | OK | |||
r-oldrel-macos-x86_64 | 0.1.6 | 122.00 | OK | |||
r-oldrel-windows-x86_64 | 0.1.6 | 33.00 | 59.00 | 92.00 | OK |
Version: 0.1.6
Check: installed package size
Result: NOTE
installed size is 5.4Mb
sub-directories of 1Mb or more:
libs 4.6Mb
Flavor: r-devel-linux-x86_64-fedora-clang