Last updated on 2024-05-02 05:12:48 CEST.
Flavor | Version | Tinstall | Tcheck | Ttotal | Status | Flags |
---|---|---|---|---|---|---|
r-devel-linux-x86_64-debian-clang | 0.1.3 | 9.49 | 102.60 | 112.09 | NOTE | |
r-devel-linux-x86_64-debian-gcc | 0.1.3 | 7.98 | 73.37 | 81.35 | NOTE | |
r-devel-linux-x86_64-fedora-clang | 0.1.3 | 136.08 | NOTE | |||
r-devel-linux-x86_64-fedora-gcc | 0.1.3 | 131.44 | NOTE | |||
r-devel-windows-x86_64 | 0.1.3 | 10.00 | 89.00 | 99.00 | NOTE | |
r-patched-linux-x86_64 | 0.1.3 | 10.86 | 93.29 | 104.15 | NOTE | |
r-release-linux-x86_64 | 0.1.3 | 8.83 | 95.85 | 104.68 | NOTE | |
r-release-macos-arm64 | 0.1.3 | 37.00 | NOTE | |||
r-release-windows-x86_64 | 0.1.3 | 10.00 | 87.00 | 97.00 | NOTE | |
r-oldrel-macos-arm64 | 0.1.3 | 43.00 | NOTE | |||
r-oldrel-macos-x86_64 | 0.1.3 | 71.00 | NOTE | |||
r-oldrel-windows-x86_64 | 0.1.3 | 14.00 | 108.00 | 122.00 | NOTE |
Version: 0.1.3
Check: LazyData
Result: NOTE
'LazyData' is specified without a 'data' directory
Flavors: r-devel-linux-x86_64-debian-clang, r-devel-linux-x86_64-debian-gcc, r-devel-linux-x86_64-fedora-clang, r-devel-linux-x86_64-fedora-gcc, r-devel-windows-x86_64, r-patched-linux-x86_64, r-release-linux-x86_64, r-release-macos-arm64, r-release-windows-x86_64, r-oldrel-macos-arm64, r-oldrel-macos-x86_64, r-oldrel-windows-x86_64