Last updated on 2024-03-29 04:54:43 CET.
Flavor | Version | Tinstall | Tcheck | Ttotal | Status | Flags |
---|---|---|---|---|---|---|
r-devel-linux-x86_64-debian-clang | 1.4-1 | 17.38 | 162.72 | 180.10 | OK | |
r-devel-linux-x86_64-debian-gcc | 1.4-1 | 15.93 | 120.49 | 136.42 | OK | |
r-devel-linux-x86_64-fedora-clang | 1.4-1 | 219.52 | NOTE | |||
r-devel-linux-x86_64-fedora-gcc | 1.4-1 | 219.49 | OK | |||
r-devel-windows-x86_64 | 1.4-1 | 20.00 | 145.00 | 165.00 | OK | |
r-patched-linux-x86_64 | 1.4-1 | 20.66 | 159.58 | 180.24 | OK | |
r-release-linux-x86_64 | 1.4-1 | 12.02 | 161.38 | 173.40 | OK | |
r-release-macos-arm64 | 1.4-1 | 66.00 | NOTE | |||
r-release-macos-x86_64 | 1.4-1 | 121.00 | NOTE | |||
r-release-windows-x86_64 | 1.4-1 | 26.00 | 182.00 | 208.00 | OK | |
r-oldrel-macos-arm64 | 1.4-1 | 58.00 | NOTE | |||
r-oldrel-windows-x86_64 | 1.4-1 | 25.00 | 188.00 | 213.00 | OK |
Version: 1.4-1
Check: installed package size
Result: NOTE
installed size is 5.0Mb
sub-directories of 1Mb or more:
data 3.7Mb
Flavors: r-devel-linux-x86_64-fedora-clang, r-release-macos-arm64, r-release-macos-x86_64, r-oldrel-macos-arm64