Last updated on 2024-03-28 16:48:42 CET.
Flavor | Version | Tinstall | Tcheck | Ttotal | Status | Flags |
---|---|---|---|---|---|---|
r-devel-linux-x86_64-debian-clang | 1.8.4 | 6.76 | 66.38 | 73.14 | NOTE | |
r-devel-linux-x86_64-debian-gcc | 1.8.4 | 3.48 | 49.30 | 52.78 | NOTE | |
r-devel-linux-x86_64-fedora-clang | 1.8.4 | 91.54 | NOTE | |||
r-devel-linux-x86_64-fedora-gcc | 1.8.4 | 89.86 | NOTE | |||
r-devel-windows-x86_64 | 1.8.4 | 6.00 | 78.00 | 84.00 | NOTE | |
r-patched-linux-x86_64 | 1.8.4 | 7.63 | 62.58 | 70.21 | NOTE | |
r-release-linux-x86_64 | 1.8.4 | 6.40 | 65.45 | 71.85 | OK | |
r-release-macos-arm64 | 1.8.4 | 30.00 | OK | |||
r-release-macos-x86_64 | 1.8.4 | 46.00 | OK | |||
r-release-windows-x86_64 | 1.8.4 | 7.00 | 91.00 | 98.00 | OK | |
r-oldrel-macos-arm64 | 1.8.4 | 34.00 | OK | |||
r-oldrel-windows-x86_64 | 1.8.4 | 8.00 | 93.00 | 101.00 | OK |
Version: 1.8.4
Check: Rd files
Result: NOTE
checkRd: (-1) qmethod-package.Rd:109: Lost braces
109 | \item Van Exel, J., and G. de Graaf, 2005. \emph{Q Methodology: A Sneak Preview}\cr \url{https://qmethodblog.files.wordpress.com/2016/01/qmethodologyasneakpreviewreferenceupdate.pdf}{Available at this link}.
| ^
checkRd: (-1) qmethod-package.Rd:110: Lost braces
110 | \item Brown, S. R., 1980. \emph{Political subjectivity: Applications of Q methodology in political science}, New Haven, CT: Yale University Press.\cr \url{https://qmethodblog.files.wordpress.com/2016/01/brown-1980-politicalsubjectivity.pdf}{Available at this link}.
| ^
Flavors: r-devel-linux-x86_64-debian-clang, r-devel-linux-x86_64-debian-gcc, r-devel-linux-x86_64-fedora-clang, r-devel-linux-x86_64-fedora-gcc, r-devel-windows-x86_64, r-patched-linux-x86_64