Last updated on 2024-04-27 16:57:30 CEST.
Flavor | Version | Tinstall | Tcheck | Ttotal | Status | Flags |
---|---|---|---|---|---|---|
r-devel-linux-x86_64-debian-clang | 0.0.10 | 188.63 | 29.78 | 218.41 | OK | |
r-devel-linux-x86_64-debian-gcc | 0.0.10 | 150.64 | 23.39 | 174.03 | OK | |
r-devel-linux-x86_64-fedora-clang | 0.0.10 | 372.68 | OK | |||
r-devel-linux-x86_64-fedora-gcc | 0.0.10 | 327.90 | OK | |||
r-devel-windows-x86_64 | 0.0.10 | 175.00 | 71.00 | 246.00 | OK | |
r-patched-linux-x86_64 | 0.0.10 | 203.80 | 29.54 | 233.34 | OK | |
r-release-linux-x86_64 | 0.0.10 | 198.06 | 28.77 | 226.83 | OK | |
r-release-macos-arm64 | 0.0.10 | 64.00 | NOTE | |||
r-release-macos-x86_64 | 0.0.10 | 84.00 | NOTE | |||
r-release-windows-x86_64 | 0.0.10 | 172.00 | 71.00 | 243.00 | OK | |
r-oldrel-macos-arm64 | 0.0.10 | 65.00 | NOTE | |||
r-oldrel-macos-x86_64 | 0.0.10 | 78.00 | NOTE | |||
r-oldrel-windows-x86_64 | 0.0.10 | 214.00 | 186.00 | 400.00 | OK |
Version: 0.0.10
Check: installed package size
Result: NOTE
installed size is 7.6Mb
sub-directories of 1Mb or more:
libs 7.4Mb
Flavors: r-release-macos-arm64, r-release-macos-x86_64, r-oldrel-macos-arm64, r-oldrel-macos-x86_64