Last updated on 2024-03-29 04:54:43 CET.
Flavor | Version | Tinstall | Tcheck | Ttotal | Status | Flags |
---|---|---|---|---|---|---|
r-devel-linux-x86_64-debian-clang | 1.0-8 | 10.86 | 111.34 | 122.20 | NOTE | |
r-devel-linux-x86_64-debian-gcc | 1.0-8 | 8.60 | 80.96 | 89.56 | NOTE | |
r-devel-linux-x86_64-fedora-clang | 1.0-8 | 148.86 | NOTE | |||
r-devel-linux-x86_64-fedora-gcc | 1.0-8 | 158.64 | NOTE | |||
r-devel-windows-x86_64 | 1.0-8 | 13.00 | 97.00 | 110.00 | NOTE | |
r-patched-linux-x86_64 | 1.0-8 | 13.63 | 104.65 | 118.28 | NOTE | |
r-release-linux-x86_64 | 1.0-8 | 10.73 | 105.71 | 116.44 | OK | |
r-release-macos-arm64 | 1.0-8 | 53.00 | OK | |||
r-release-macos-x86_64 | 1.0-8 | 84.00 | OK | |||
r-release-windows-x86_64 | 1.0-8 | 15.00 | 119.00 | 134.00 | OK | |
r-oldrel-macos-arm64 | 1.0-8 | 54.00 | OK | |||
r-oldrel-windows-x86_64 | 1.0-8 | 15.00 | 117.00 | 132.00 | OK |
Version: 1.0-8
Check: Rd files
Result: NOTE
checkRd: (-1) pgram.Rd:12: Lost braces; missing escapes or markup?
12 | \item{fr}{use "default" for usual Fourier frequencies, {1/n, ..., floor(n/2)/n}.
| ^
Flavors: r-devel-linux-x86_64-debian-clang, r-devel-linux-x86_64-debian-gcc, r-devel-linux-x86_64-fedora-clang, r-devel-linux-x86_64-fedora-gcc, r-devel-windows-x86_64, r-patched-linux-x86_64
Version: 1.0-8
Check: Rd \usage sections
Result: NOTE
Documented arguments not in \usage in Rd file 'GetFitHReg.Rd':
‘z’
Functions with \usage entries need to have the appropriate \alias
entries, and all their arguments documented.
The \usage entries must correspond to syntactically valid R code.
See chapter ‘Writing R documentation files’ in the ‘Writing R
Extensions’ manual.
Flavors: r-devel-linux-x86_64-debian-clang, r-devel-linux-x86_64-debian-gcc, r-devel-linux-x86_64-fedora-clang, r-devel-linux-x86_64-fedora-gcc, r-devel-windows-x86_64, r-patched-linux-x86_64
Version: 1.0-8
Check: compiled code
Result: NOTE
File ‘ptest/libs/ptest.so’:
Found no calls to: ‘R_registerRoutines’, ‘R_useDynamicSymbols’
It is good practice to register native routines and to disable symbol
search.
See ‘Writing portable packages’ in the ‘Writing R Extensions’ manual.
Flavors: r-devel-linux-x86_64-fedora-clang, r-devel-linux-x86_64-fedora-gcc