Last updated on 2024-05-02 05:12:47 CEST.
Flavor | Version | Tinstall | Tcheck | Ttotal | Status | Flags |
---|---|---|---|---|---|---|
r-devel-linux-x86_64-debian-clang | 0.1.7 | 2.24 | 25.59 | 27.83 | OK | |
r-devel-linux-x86_64-debian-gcc | 0.1.7 | 1.98 | 19.74 | 21.72 | OK | |
r-devel-linux-x86_64-fedora-clang | 0.1.7 | 34.77 | NOTE | |||
r-devel-linux-x86_64-fedora-gcc | 0.1.7 | 32.99 | NOTE | |||
r-devel-windows-x86_64 | 0.1.7 | 3.00 | 42.00 | 45.00 | OK | |
r-patched-linux-x86_64 | 0.1.7 | 2.28 | 25.07 | 27.35 | OK | |
r-release-linux-x86_64 | 0.1.7 | 2.38 | 24.55 | 26.93 | OK | |
r-release-macos-arm64 | 0.1.7 | 19.00 | OK | |||
r-release-windows-x86_64 | 0.1.7 | 3.00 | 42.00 | 45.00 | OK | |
r-oldrel-macos-arm64 | 0.1.7 | 17.00 | OK | |||
r-oldrel-macos-x86_64 | 0.1.7 | 34.00 | OK | |||
r-oldrel-windows-x86_64 | 0.1.7 | 3.00 | 40.00 | 43.00 | OK |
Version: 0.1.7
Check: data for non-ASCII characters
Result: NOTE
Note: found 869 marked UTF-8 strings
Flavors: r-devel-linux-x86_64-fedora-clang, r-devel-linux-x86_64-fedora-gcc