Last updated on 2024-05-01 16:53:05 CEST.
Flavor | Version | Tinstall | Tcheck | Ttotal | Status | Flags |
---|---|---|---|---|---|---|
r-devel-linux-x86_64-debian-clang | 0.8.9 | 30.83 | 298.61 | 329.44 | OK | |
r-devel-linux-x86_64-debian-gcc | 0.8.9 | 22.19 | 226.12 | 248.31 | OK | |
r-devel-linux-x86_64-fedora-clang | 0.8.9 | 440.59 | OK | |||
r-devel-linux-x86_64-fedora-gcc | 0.8.9 | 403.73 | OK | |||
r-devel-windows-x86_64 | 0.8.9 | 25.00 | 239.00 | 264.00 | OK | |
r-patched-linux-x86_64 | 0.8.9 | 32.46 | 297.59 | 330.05 | OK | |
r-release-linux-x86_64 | 0.8.9 | 30.94 | 295.05 | 325.99 | OK | |
r-release-macos-arm64 | 0.8.9 | 98.00 | NOTE | |||
r-release-windows-x86_64 | 0.8.9 | 26.00 | 240.00 | 266.00 | OK | |
r-oldrel-macos-arm64 | 0.8.9 | 195.00 | NOTE | |||
r-oldrel-macos-x86_64 | 0.8.9 | 266.00 | NOTE | |||
r-oldrel-windows-x86_64 | 0.8.9 | 34.00 | 302.00 | 336.00 | OK |
Version: 0.8.9
Check: installed package size
Result: NOTE
installed size is 5.2Mb
sub-directories of 1Mb or more:
R 2.1Mb
extdata 1.9Mb
Flavors: r-release-macos-arm64, r-oldrel-macos-arm64, r-oldrel-macos-x86_64