Last updated on 2024-05-02 05:12:46 CEST.
Flavor | Version | Tinstall | Tcheck | Ttotal | Status | Flags |
---|---|---|---|---|---|---|
r-devel-linux-x86_64-debian-clang | 1.1.0 | 177.73 | 191.28 | 369.01 | NOTE | |
r-devel-linux-x86_64-debian-gcc | 1.1.0 | 141.95 | 139.43 | 281.38 | NOTE | |
r-devel-linux-x86_64-fedora-clang | 1.1.0 | 764.02 | OK | |||
r-devel-linux-x86_64-fedora-gcc | 1.1.0 | 827.48 | OK | |||
r-devel-windows-x86_64 | 1.1.0 | 163.00 | 497.00 | 660.00 | OK | |
r-patched-linux-x86_64 | 1.1.0 | 147.45 | 178.00 | 325.45 | NOTE | |
r-release-linux-x86_64 | 1.1.0 | 126.26 | 183.86 | 310.12 | NOTE | |
r-release-macos-arm64 | 1.1.0 | 109.00 | NOTE | |||
r-release-windows-x86_64 | 1.1.0 | 164.00 | 512.00 | 676.00 | OK | |
r-oldrel-macos-arm64 | 1.1.0 | 120.00 | NOTE | |||
r-oldrel-macos-x86_64 | 1.1.0 | 207.00 | NOTE | |||
r-oldrel-windows-x86_64 | 1.1.0 | 165.00 | 195.00 | 360.00 | NOTE |
Version: 1.1.0
Check: package dependencies
Result: NOTE
Package suggested but not available for checking: ‘INLA’
Flavors: r-devel-linux-x86_64-debian-clang, r-devel-linux-x86_64-debian-gcc, r-patched-linux-x86_64, r-release-linux-x86_64, r-release-macos-arm64, r-oldrel-macos-arm64, r-oldrel-windows-x86_64
Version: 1.1.0
Check: installed package size
Result: NOTE
installed size is 12.1Mb
sub-directories of 1Mb or more:
doc 2.0Mb
libs 9.6Mb
Flavors: r-release-macos-arm64, r-oldrel-macos-arm64, r-oldrel-macos-x86_64
Version: 1.1.0
Check: package dependencies
Result: NOTE
Packages suggested but not available for checking: 'INLA', 'DHARMa', 'rr2'
Flavor: r-oldrel-macos-x86_64