Last updated on 2024-05-02 05:12:45 CEST.
Flavor | Version | Tinstall | Tcheck | Ttotal | Status | Flags |
---|---|---|---|---|---|---|
r-devel-linux-x86_64-debian-clang | 0.1.2 | 2.44 | 84.77 | 87.21 | NOTE | |
r-devel-linux-x86_64-debian-gcc | 0.1.2 | 2.56 | 62.61 | 65.17 | NOTE | |
r-devel-linux-x86_64-fedora-clang | 0.1.2 | 98.99 | NOTE | |||
r-devel-linux-x86_64-fedora-gcc | 0.1.2 | 108.97 | NOTE | |||
r-devel-windows-x86_64 | 0.1.2 | 4.00 | 1167.00 | 1171.00 | NOTE | |
r-patched-linux-x86_64 | 0.1.2 | 2.43 | 82.95 | 85.38 | NOTE | |
r-release-linux-x86_64 | 0.1.2 | 2.21 | 82.85 | 85.06 | NOTE | |
r-release-macos-arm64 | 0.1.2 | 1246.00 | NOTE | |||
r-release-windows-x86_64 | 0.1.2 | 5.00 | 1202.00 | 1207.00 | NOTE | |
r-oldrel-macos-arm64 | 0.1.2 | 1159.00 | NOTE | |||
r-oldrel-macos-x86_64 | 0.1.2 | 1203.00 | NOTE | |||
r-oldrel-windows-x86_64 | 0.1.2 | 6.00 | 1213.00 | 1219.00 | NOTE |
Version: 0.1.2
Check: LazyData
Result: NOTE
'LazyData' is specified without a 'data' directory
Flavors: r-devel-linux-x86_64-debian-clang, r-devel-linux-x86_64-debian-gcc, r-devel-linux-x86_64-fedora-clang, r-devel-linux-x86_64-fedora-gcc, r-devel-windows-x86_64, r-patched-linux-x86_64, r-release-linux-x86_64, r-release-macos-arm64, r-release-windows-x86_64, r-oldrel-macos-arm64, r-oldrel-macos-x86_64, r-oldrel-windows-x86_64