Last updated on 2024-05-02 05:12:45 CEST.
Flavor | Version | Tinstall | Tcheck | Ttotal | Status | Flags |
---|---|---|---|---|---|---|
r-devel-linux-x86_64-debian-clang | 0.1.6 | 53.64 | 437.42 | 491.06 | OK | |
r-devel-linux-x86_64-debian-gcc | 0.1.6 | 35.44 | 309.55 | 344.99 | OK | |
r-devel-linux-x86_64-fedora-clang | 0.1.6 | 593.34 | NOTE | |||
r-devel-linux-x86_64-fedora-gcc | 0.1.6 | 555.46 | OK | |||
r-devel-windows-x86_64 | 0.1.6 | 36.00 | 276.00 | 312.00 | NOTE | |
r-patched-linux-x86_64 | 0.1.6 | 37.20 | 400.83 | 438.03 | OK | |
r-release-linux-x86_64 | 0.1.6 | 29.18 | 414.75 | 443.93 | OK | |
r-release-macos-arm64 | 0.1.6 | 130.00 | NOTE | |||
r-release-windows-x86_64 | 0.1.6 | 38.00 | 284.00 | 322.00 | NOTE | |
r-oldrel-macos-arm64 | 0.1.6 | 132.00 | NOTE | |||
r-oldrel-macos-x86_64 | 0.1.6 | 312.00 | NOTE | |||
r-oldrel-windows-x86_64 | 0.1.6 | 50.00 | 369.00 | 419.00 | NOTE |
Version: 0.1.6
Check: installed package size
Result: NOTE
installed size is 6.2Mb
sub-directories of 1Mb or more:
R 1.5Mb
test_files 4.2Mb
Flavors: r-devel-linux-x86_64-fedora-clang, r-devel-windows-x86_64, r-release-macos-arm64, r-release-windows-x86_64, r-oldrel-macos-arm64, r-oldrel-macos-x86_64, r-oldrel-windows-x86_64