Last updated on 2024-05-01 16:53:03 CEST.
Flavor | Version | Tinstall | Tcheck | Ttotal | Status | Flags |
---|---|---|---|---|---|---|
r-devel-linux-x86_64-debian-clang | 0.5.0 | 3.86 | 38.47 | 42.33 | OK | |
r-devel-linux-x86_64-debian-gcc | 0.5.0 | 3.13 | 28.75 | 31.88 | OK | |
r-devel-linux-x86_64-fedora-clang | 0.5.0 | 52.59 | NOTE | |||
r-devel-linux-x86_64-fedora-gcc | 0.5.0 | 48.97 | OK | |||
r-devel-windows-x86_64 | 0.5.0 | 5.00 | 63.00 | 68.00 | OK | |
r-patched-linux-x86_64 | 0.5.0 | 4.05 | 36.68 | 40.73 | OK | |
r-release-linux-x86_64 | 0.5.0 | 2.99 | 36.44 | 39.43 | OK | |
r-release-macos-arm64 | 0.5.0 | 20.00 | OK | |||
r-release-macos-x86_64 | 0.5.0 | 43.00 | OK | |||
r-release-windows-x86_64 | 0.5.0 | 6.00 | 62.00 | 68.00 | OK | |
r-oldrel-macos-arm64 | 0.5.0 | 25.00 | OK | |||
r-oldrel-macos-x86_64 | 0.5.0 | 38.00 | OK | |||
r-oldrel-windows-x86_64 | 0.5.0 | 6.00 | 64.00 | 70.00 | OK |
Version: 0.5.0
Check: Rd cross-references
Result: NOTE
Undeclared package ‘mime’ in Rd xrefs
Flavor: r-devel-linux-x86_64-fedora-clang