Last updated on 2024-03-28 16:48:39 CET.
Flavor | Version | Tinstall | Tcheck | Ttotal | Status | Flags |
---|---|---|---|---|---|---|
r-devel-linux-x86_64-debian-clang | 1.2-2.2 | 11.82 | 110.13 | 121.95 | NOTE | |
r-devel-linux-x86_64-debian-gcc | 1.2-2.2 | 10.82 | 80.59 | 91.41 | NOTE | |
r-devel-linux-x86_64-fedora-clang | 1.2-2.2 | 148.18 | NOTE | |||
r-devel-linux-x86_64-fedora-gcc | 1.2-2.2 | 146.84 | NOTE | |||
r-devel-windows-x86_64 | 1.2-2.2 | 12.00 | 98.00 | 110.00 | NOTE | |
r-patched-linux-x86_64 | 1.2-2.2 | 12.49 | 105.33 | 117.82 | NOTE | |
r-release-linux-x86_64 | 1.2-2.2 | 13.28 | 106.20 | 119.48 | NOTE | |
r-release-macos-arm64 | 1.2-2.2 | 46.00 | NOTE | |||
r-release-macos-x86_64 | 1.2-2.2 | 78.00 | NOTE | |||
r-release-windows-x86_64 | 1.2-2.2 | 15.00 | 117.00 | 132.00 | NOTE | |
r-oldrel-macos-arm64 | 1.2-2.2 | 39.00 | OK | |||
r-oldrel-windows-x86_64 | 1.2-2.2 | 15.00 | 126.00 | 141.00 | OK |
Version: 1.2-2.2
Check: Rd files
Result: NOTE
checkRd: (-1) Dmean.Rd:62: Escaped LaTeX specials: \&
checkRd: (-1) Dvar.Rd:63: Escaped LaTeX specials: \&
Flavors: r-devel-linux-x86_64-debian-clang, r-devel-linux-x86_64-debian-gcc, r-devel-linux-x86_64-fedora-clang, r-devel-linux-x86_64-fedora-gcc, r-devel-windows-x86_64, r-patched-linux-x86_64, r-release-linux-x86_64, r-release-macos-arm64, r-release-macos-x86_64, r-release-windows-x86_64
Version: 1.2-2.2
Check: package dependencies
Result: NOTE
Package suggested but not available for checking: ‘csampling’
Flavor: r-release-macos-x86_64
Version: 1.2-2.2
Check: Rd cross-references
Result: NOTE
Package unavailable to check Rd xrefs: ‘csampling’
Flavor: r-release-macos-x86_64