Last updated on 2024-04-27 16:57:27 CEST.
Flavor | Version | Tinstall | Tcheck | Ttotal | Status | Flags |
---|---|---|---|---|---|---|
r-devel-linux-x86_64-debian-clang | 0.1.6 | 5.78 | 39.03 | 44.81 | OK | |
r-devel-linux-x86_64-debian-gcc | 0.1.6 | 4.38 | 28.52 | 32.90 | OK | |
r-devel-linux-x86_64-fedora-clang | 0.1.6 | 60.12 | NOTE | |||
r-devel-linux-x86_64-fedora-gcc | 0.1.6 | 57.20 | OK | |||
r-devel-windows-x86_64 | 0.1.6 | 6.00 | 58.00 | 64.00 | OK | |
r-patched-linux-x86_64 | 0.1.6 | 6.14 | 37.71 | 43.85 | OK | |
r-release-linux-x86_64 | 0.1.6 | 5.52 | 38.13 | 43.65 | OK | |
r-release-macos-arm64 | 0.1.6 | 22.00 | OK | |||
r-release-windows-x86_64 | 0.1.6 | 7.00 | 60.00 | 67.00 | OK | |
r-oldrel-macos-arm64 | 0.1.6 | 23.00 | OK | |||
r-oldrel-macos-x86_64 | 0.1.6 | 52.00 | OK | |||
r-oldrel-windows-x86_64 | 0.1.6 | 7.00 | 63.00 | 70.00 | OK |
Version: 0.1.6
Check: Rd cross-references
Result: NOTE
Undeclared package ‘mev’ in Rd xrefs
Flavor: r-devel-linux-x86_64-fedora-clang