Last updated on 2024-03-28 16:48:38 CET.
Flavor | Version | Tinstall | Tcheck | Ttotal | Status | Flags |
---|---|---|---|---|---|---|
r-devel-linux-x86_64-debian-clang | 0.5.3 | 4.30 | 56.96 | 61.26 | NOTE | |
r-devel-linux-x86_64-debian-gcc | 0.5.3 | 2.15 | 42.77 | 44.92 | NOTE | |
r-devel-linux-x86_64-fedora-clang | 0.5.3 | 74.42 | NOTE | |||
r-devel-linux-x86_64-fedora-gcc | 0.5.3 | 78.01 | NOTE | |||
r-devel-windows-x86_64 | 0.5.3 | 4.00 | 79.00 | 83.00 | NOTE | |
r-patched-linux-x86_64 | 0.5.3 | 3.13 | 53.91 | 57.04 | NOTE | |
r-release-linux-x86_64 | 0.5.3 | 4.11 | 54.78 | 58.89 | NOTE | |
r-release-macos-arm64 | 0.5.3 | 31.00 | NOTE | |||
r-release-macos-x86_64 | 0.5.3 | 43.00 | NOTE | |||
r-release-windows-x86_64 | 0.5.3 | 5.00 | 82.00 | 87.00 | NOTE | |
r-oldrel-macos-arm64 | 0.5.3 | 31.00 | OK | |||
r-oldrel-windows-x86_64 | 0.5.3 | 6.00 | 84.00 | 90.00 | OK |
Version: 0.5.3
Check: Rd files
Result: NOTE
checkRd: (-1) ml_g.Rd:47: Escaped LaTeX specials: \&
Flavors: r-devel-linux-x86_64-debian-clang, r-devel-linux-x86_64-debian-gcc, r-devel-linux-x86_64-fedora-clang, r-devel-linux-x86_64-fedora-gcc, r-devel-windows-x86_64, r-patched-linux-x86_64, r-release-linux-x86_64, r-release-macos-arm64, r-release-macos-x86_64, r-release-windows-x86_64