Last updated on 2024-05-02 05:12:43 CEST.
Flavor | Version | Tinstall | Tcheck | Ttotal | Status | Flags |
---|---|---|---|---|---|---|
r-devel-linux-x86_64-debian-clang | 0.1.11 | 7.17 | 56.23 | 63.40 | OK | |
r-devel-linux-x86_64-debian-gcc | 0.1.11 | 4.48 | 42.36 | 46.84 | OK | |
r-devel-linux-x86_64-fedora-clang | 0.1.11 | 77.46 | NOTE | |||
r-devel-linux-x86_64-fedora-gcc | 0.1.11 | 71.24 | OK | |||
r-devel-windows-x86_64 | 0.1.11 | 6.00 | 63.00 | 69.00 | OK | |
r-patched-linux-x86_64 | 0.1.11 | 3.95 | 52.74 | 56.69 | OK | |
r-release-linux-x86_64 | 0.1.11 | 3.58 | 54.75 | 58.33 | OK | |
r-release-macos-arm64 | 0.1.11 | 26.00 | OK | |||
r-release-windows-x86_64 | 0.1.11 | 6.00 | 63.00 | 69.00 | OK | |
r-oldrel-macos-arm64 | 0.1.11 | 30.00 | OK | |||
r-oldrel-macos-x86_64 | 0.1.11 | 39.00 | OK | |||
r-oldrel-windows-x86_64 | 0.1.11 | 7.00 | 73.00 | 80.00 | OK |
Version: 0.1.11
Check: Rd cross-references
Result: NOTE
Undeclared packages ‘lme4’, ‘rstanarm’, ‘dplyr’ in Rd xrefs
Flavor: r-devel-linux-x86_64-fedora-clang