Last updated on 2024-03-28 04:54:25 CET.
Flavor | Version | Tinstall | Tcheck | Ttotal | Status | Flags |
---|---|---|---|---|---|---|
r-devel-linux-x86_64-debian-clang | 1.0.8 | 44.99 | 313.21 | 358.20 | NOTE | |
r-devel-linux-x86_64-debian-gcc | 1.0.8 | 34.29 | 225.64 | 259.93 | NOTE | |
r-devel-linux-x86_64-fedora-clang | 1.0.8 | 432.93 | NOTE | |||
r-devel-linux-x86_64-fedora-gcc | 1.0.8 | 440.63 | NOTE | |||
r-devel-windows-x86_64 | 1.0.8 | 38.00 | 250.00 | 288.00 | NOTE | |
r-patched-linux-x86_64 | 1.0.8 | 31.67 | 296.27 | 327.94 | NOTE | |
r-release-linux-x86_64 | 1.0.8 | 29.14 | 299.78 | 328.92 | NOTE | |
r-release-macos-arm64 | 1.0.8 | 113.00 | NOTE | |||
r-release-macos-x86_64 | 1.0.8 | 196.00 | NOTE | |||
r-release-windows-x86_64 | 1.0.8 | 47.00 | 320.00 | 367.00 | NOTE | |
r-oldrel-macos-arm64 | 1.0.8 | 100.00 | OK | |||
r-oldrel-windows-x86_64 | 1.0.8 | 47.00 | 312.00 | 359.00 | OK |
Version: 1.0.8
Check: C++ specification
Result: NOTE
Specified C++11: please drop specification unless essential
Flavors: r-devel-linux-x86_64-debian-clang, r-devel-linux-x86_64-debian-gcc, r-devel-linux-x86_64-fedora-clang, r-devel-linux-x86_64-fedora-gcc, r-devel-windows-x86_64, r-patched-linux-x86_64, r-release-linux-x86_64, r-release-macos-arm64, r-release-macos-x86_64, r-release-windows-x86_64
Version: 1.0.8
Check: Rd files
Result: NOTE
checkRd: (-1) addSchemes.Rd:13: Lost braces
13 | \item{extraSchemes}{array of schemes to add, see code{\link{SetOfSchemes-class}}}
| ^
checkRd: (-1) pkCurveStat.Rd:30: Lost braces in \itemize; meant \describe ?
checkRd: (-1) pkCurveStat.Rd:31: Lost braces in \itemize; meant \describe ?
checkRd: (-1) pkCurveStat.Rd:32: Lost braces in \itemize; meant \describe ?
checkRd: (-1) rankObject.Rd:33-36: Lost braces in \itemize; meant \describe ?
checkRd: (-1) rankObject.Rd:37: Lost braces in \itemize; meant \describe ?
Flavors: r-devel-linux-x86_64-debian-clang, r-devel-linux-x86_64-debian-gcc, r-devel-linux-x86_64-fedora-clang, r-devel-linux-x86_64-fedora-gcc, r-devel-windows-x86_64
Version: 1.0.8
Check: Rd \usage sections
Result: NOTE
Documented arguments not in \usage in Rd file 'changeDevSettings.Rd':
‘defaultsSettings’
Documented arguments not in \usage in Rd file 'getResultPerScheme.Rd':
‘criteria’
Functions with \usage entries need to have the appropriate \alias
entries, and all their arguments documented.
The \usage entries must correspond to syntactically valid R code.
See chapter ‘Writing R documentation files’ in the ‘Writing R
Extensions’ manual.
Flavors: r-devel-linux-x86_64-debian-clang, r-devel-linux-x86_64-debian-gcc, r-devel-linux-x86_64-fedora-clang, r-devel-linux-x86_64-fedora-gcc, r-devel-windows-x86_64