Last updated on 2024-03-28 16:48:37 CET.
Flavor | Version | Tinstall | Tcheck | Ttotal | Status | Flags |
---|---|---|---|---|---|---|
r-devel-linux-x86_64-debian-clang | 1.2-2.1 | 12.13 | 93.65 | 105.78 | NOTE | |
r-devel-linux-x86_64-debian-gcc | 1.2-2.1 | 8.39 | 69.30 | 77.69 | NOTE | |
r-devel-linux-x86_64-fedora-clang | 1.2-2.1 | 126.52 | NOTE | |||
r-devel-linux-x86_64-fedora-gcc | 1.2-2.1 | 124.93 | NOTE | |||
r-devel-windows-x86_64 | 1.2-2.1 | 10.00 | 93.00 | 103.00 | NOTE | |
r-patched-linux-x86_64 | 1.2-2.1 | 9.81 | 88.84 | 98.65 | NOTE | |
r-release-linux-x86_64 | 1.2-2.1 | 12.06 | 91.03 | 103.09 | NOTE | |
r-release-macos-arm64 | 1.2-2.1 | 40.00 | NOTE | |||
r-release-macos-x86_64 | 1.2-2.1 | 66.00 | NOTE | |||
r-release-windows-x86_64 | 1.2-2.1 | 13.00 | 105.00 | 118.00 | NOTE | |
r-oldrel-macos-arm64 | 1.2-2.1 | 37.00 | OK | |||
r-oldrel-windows-x86_64 | 1.2-2.1 | 13.00 | 100.00 | 113.00 | OK |
Version: 1.2-2.1
Check: Rd files
Result: NOTE
checkRd: (-1) residuals.rsm.Rd:74: Escaped LaTeX specials: \&
Flavors: r-devel-linux-x86_64-debian-clang, r-devel-linux-x86_64-debian-gcc, r-devel-linux-x86_64-fedora-clang, r-devel-linux-x86_64-fedora-gcc, r-devel-windows-x86_64, r-patched-linux-x86_64, r-release-linux-x86_64, r-release-macos-arm64, r-release-macos-x86_64, r-release-windows-x86_64
Version: 1.2-2.1
Check: package dependencies
Result: NOTE
Packages suggested but not available for checking: 'csampling', 'nlreg'
Flavor: r-release-macos-x86_64