Last updated on 2024-04-24 05:07:18 CEST.
Flavor | Version | Tinstall | Tcheck | Ttotal | Status | Flags |
---|---|---|---|---|---|---|
r-devel-linux-x86_64-debian-clang | 1.4.6 | 5.73 | 32.26 | 37.99 | NOTE | |
r-devel-linux-x86_64-debian-gcc | 1.4.6 | 4.64 | 24.65 | 29.29 | NOTE | |
r-devel-linux-x86_64-fedora-clang | 1.4.6 | 47.91 | NOTE | |||
r-devel-linux-x86_64-fedora-gcc | 1.4.6 | 47.69 | NOTE | |||
r-prerel-macos-arm64 | 1.4.6 | 18.00 | NOTE | |||
r-prerel-windows-x86_64 | 1.4.6 | 11.00 | 51.00 | 62.00 | NOTE | |
r-patched-linux-x86_64 | 1.4.6 | 5.49 | 31.36 | 36.85 | NOTE | |
r-release-linux-x86_64 | 1.4.6 | 5.53 | 31.41 | 36.94 | OK | |
r-release-macos-arm64 | 1.4.6 | 19.00 | OK | |||
r-release-macos-x86_64 | 1.4.6 | 29.00 | OK | |||
r-release-windows-x86_64 | 1.4.6 | 10.00 | 51.00 | 61.00 | OK | |
r-oldrel-macos-arm64 | 1.4.6 | 20.00 | OK | |||
r-oldrel-windows-x86_64 | 1.4.6 | 16.00 | 66.00 | 82.00 | OK |
Version: 1.4.6
Check: Rd files
Result: NOTE
checkRd: (-1) DLSimulate.Rd:38: Lost braces
38 | code{\link{arima.sim}}
| ^
Flavors: r-devel-linux-x86_64-debian-clang, r-devel-linux-x86_64-debian-gcc, r-devel-linux-x86_64-fedora-clang, r-devel-linux-x86_64-fedora-gcc, r-prerel-macos-arm64, r-prerel-windows-x86_64, r-patched-linux-x86_64
Version: 1.4.6
Check: compiled code
Result: NOTE
File ‘ltsa/libs/ltsa.so’:
Found no calls to: ‘R_registerRoutines’, ‘R_useDynamicSymbols’
It is good practice to register native routines and to disable symbol
search.
See ‘Writing portable packages’ in the ‘Writing R Extensions’ manual.
Flavors: r-devel-linux-x86_64-fedora-clang, r-devel-linux-x86_64-fedora-gcc