Last updated on 2024-04-26 05:04:50 CEST.
Flavor | Version | Tinstall | Tcheck | Ttotal | Status | Flags |
---|---|---|---|---|---|---|
r-devel-linux-x86_64-debian-clang | 0.9-40 | 5.42 | 56.42 | 61.84 | OK | |
r-devel-linux-x86_64-debian-gcc | 0.9-40 | 4.07 | 41.96 | 46.03 | OK | |
r-devel-linux-x86_64-fedora-clang | 0.9-40 | 77.98 | OK | |||
r-devel-linux-x86_64-fedora-gcc | 0.9-40 | 85.22 | OK | |||
r-devel-windows-x86_64 | 0.9-40 | 8.00 | 89.00 | 97.00 | OK | |
r-patched-linux-x86_64 | 0.9-40 | 7.10 | 53.29 | 60.39 | OK | |
r-release-linux-x86_64 | 0.9-40 | 6.25 | 52.61 | 58.86 | OK | |
r-release-macos-arm64 | 0.9-40 | 32.00 | OK | |||
r-release-windows-x86_64 | 0.9-40 | 8.00 | 88.00 | 96.00 | OK | |
r-oldrel-macos-arm64 | 0.9-40 | 40.00 | OK | |||
r-oldrel-macos-x86_64 | 0.9-40 | 50.00 | NOTE | |||
r-oldrel-windows-x86_64 | 0.9-40 | 11.00 | 89.00 | 100.00 | OK |
Version: 0.9-40
Check: package dependencies
Result: NOTE
Packages suggested but not available for checking: 'car', 'dynlm', 'AER'
Flavor: r-oldrel-macos-x86_64
Version: 0.9-40
Check: Rd cross-references
Result: NOTE
Package unavailable to check Rd xrefs: ‘car’
Flavor: r-oldrel-macos-x86_64