Last updated on 2024-04-19 16:58:46 CEST.
Flavor | Version | Tinstall | Tcheck | Ttotal | Status | Flags |
---|---|---|---|---|---|---|
r-devel-linux-x86_64-debian-clang | 1.0-1 | 12.24 | 110.21 | 122.45 | OK | |
r-devel-linux-x86_64-debian-gcc | 1.0-1 | OK | ||||
r-devel-linux-x86_64-fedora-clang | 1.0-1 | 150.48 | NOTE | |||
r-devel-linux-x86_64-fedora-gcc | 1.0-1 | 143.59 | OK | |||
r-prerel-macos-arm64 | 1.0-1 | 45.00 | NOTE | |||
r-prerel-windows-x86_64 | 1.0-1 | 11.00 | 96.00 | 107.00 | NOTE | |
r-patched-linux-x86_64 | 1.0-1 | 10.06 | 104.20 | 114.26 | OK | |
r-release-linux-x86_64 | 1.0-1 | 11.04 | 108.28 | 119.32 | OK | |
r-release-macos-arm64 | 1.0-1 | 48.00 | NOTE | |||
r-release-macos-x86_64 | 1.0-1 | 89.00 | NOTE | |||
r-release-windows-x86_64 | 1.0-1 | 15.00 | 113.00 | 128.00 | NOTE | |
r-oldrel-macos-arm64 | 1.0-1 | 90.00 | NOTE | |||
r-oldrel-windows-x86_64 | 1.0-1 | 14.00 | 115.00 | 129.00 | NOTE |
Version: 1.0-1
Check: installed package size
Result: NOTE
installed size is 8.4Mb
sub-directories of 1Mb or more:
data 8.3Mb
Flavors: r-devel-linux-x86_64-fedora-clang, r-prerel-macos-arm64, r-prerel-windows-x86_64, r-release-macos-arm64, r-release-macos-x86_64, r-release-windows-x86_64, r-oldrel-macos-arm64, r-oldrel-windows-x86_64
Version: 1.0-1
Check: Rd cross-references
Result: NOTE
Undeclared package ‘spdep’ in Rd xrefs
Flavor: r-devel-linux-x86_64-fedora-clang