Last updated on 2024-04-27 04:55:11 CEST.
Flavor | Version | Tinstall | Tcheck | Ttotal | Status | Flags |
---|---|---|---|---|---|---|
r-devel-linux-x86_64-debian-clang | 0.6 | 1.57 | 21.12 | 22.69 | NOTE | |
r-devel-linux-x86_64-debian-gcc | 0.6 | 1.59 | 16.68 | 18.27 | NOTE | |
r-devel-linux-x86_64-fedora-clang | 0.6 | 29.67 | NOTE | |||
r-devel-linux-x86_64-fedora-gcc | 0.6 | 28.03 | NOTE | |||
r-devel-windows-x86_64 | 0.6 | 4.00 | 35.00 | 39.00 | NOTE | |
r-patched-linux-x86_64 | 0.6 | 2.06 | 20.86 | 22.92 | NOTE | |
r-release-linux-x86_64 | 0.6 | 1.54 | 20.34 | 21.88 | NOTE | |
r-release-macos-arm64 | 0.6 | 13.00 | NOTE | |||
r-release-windows-x86_64 | 0.6 | 3.00 | 33.00 | 36.00 | NOTE | |
r-oldrel-macos-arm64 | 0.6 | 13.00 | NOTE | |||
r-oldrel-macos-x86_64 | 0.6 | 17.00 | NOTE | |||
r-oldrel-windows-x86_64 | 0.6 | 5.00 | 34.00 | 39.00 | NOTE |
Version: 0.6
Check: LazyData
Result: NOTE
'LazyData' is specified without a 'data' directory
Flavors: r-devel-linux-x86_64-debian-clang, r-devel-linux-x86_64-debian-gcc, r-devel-linux-x86_64-fedora-clang, r-devel-linux-x86_64-fedora-gcc, r-devel-windows-x86_64, r-patched-linux-x86_64, r-release-linux-x86_64, r-release-macos-arm64, r-release-windows-x86_64, r-oldrel-macos-arm64, r-oldrel-macos-x86_64, r-oldrel-windows-x86_64