Last updated on 2024-05-02 05:12:39 CEST.
Flavor | Version | Tinstall | Tcheck | Ttotal | Status | Flags |
---|---|---|---|---|---|---|
r-devel-linux-x86_64-debian-clang | 1.1.5 | 10.16 | 212.44 | 222.60 | NOTE | |
r-devel-linux-x86_64-debian-gcc | 1.1.5 | 7.87 | 153.40 | 161.27 | NOTE | |
r-devel-linux-x86_64-fedora-clang | 1.1.5 | 273.45 | NOTE | |||
r-devel-linux-x86_64-fedora-gcc | 1.1.5 | 294.04 | NOTE | |||
r-devel-windows-x86_64 | 1.1.5 | 10.00 | 202.00 | 212.00 | OK | |
r-patched-linux-x86_64 | 1.1.5 | 18.48 | 196.66 | 215.14 | NOTE | |
r-release-linux-x86_64 | 1.1.5 | 9.30 | 196.76 | 206.06 | NOTE | |
r-release-macos-arm64 | 1.1.5 | 116.00 | OK | |||
r-release-windows-x86_64 | 1.1.5 | 11.00 | 202.00 | 213.00 | OK | |
r-oldrel-macos-arm64 | 1.1.5 | 111.00 | OK | |||
r-oldrel-macos-x86_64 | 1.1.5 | 192.00 | OK | |||
r-oldrel-windows-x86_64 | 1.1.5 | 13.00 | 263.00 | 276.00 | OK |
Version: 1.1.5
Check: package dependencies
Result: NOTE
Package suggested but not available for checking: ‘margins’
Flavors: r-devel-linux-x86_64-debian-clang, r-devel-linux-x86_64-debian-gcc, r-devel-linux-x86_64-fedora-clang, r-devel-linux-x86_64-fedora-gcc, r-patched-linux-x86_64
Version: 1.1.5
Check: Rd cross-references
Result: NOTE
Unknown packages ‘margins’, ‘pequod’ in Rd xrefs
Flavors: r-devel-linux-x86_64-debian-clang, r-devel-linux-x86_64-debian-gcc, r-devel-linux-x86_64-fedora-gcc, r-patched-linux-x86_64, r-release-linux-x86_64
Version: 1.1.5
Check: Rd cross-references
Result: NOTE
Undeclared packages ‘quantreg’, ‘effects’, ‘Hmisc’, ‘rockchalk’, ‘pequod’ in Rd xrefs
Unknown packages ‘margins’, ‘pequod’ in Rd xrefs
Flavor: r-devel-linux-x86_64-fedora-clang
Version: 1.1.5
Check: package dependencies
Result: NOTE
Package suggested but not available for checking: ‘margins’
Package which this enhances but not available for checking: ‘rstanarm’
Flavor: r-release-linux-x86_64