Last updated on 2024-05-02 05:12:39 CEST.
Flavor | Version | Tinstall | Tcheck | Ttotal | Status | Flags |
---|---|---|---|---|---|---|
r-devel-linux-x86_64-debian-clang | 0.9.1 | 78.54 | 388.86 | 467.40 | OK | |
r-devel-linux-x86_64-debian-gcc | 0.9.1 | 59.00 | 307.64 | 366.64 | OK | |
r-devel-linux-x86_64-fedora-clang | 0.9.1 | 630.65 | NOTE | |||
r-devel-linux-x86_64-fedora-gcc | 0.9.1 | 617.83 | OK | |||
r-devel-windows-x86_64 | 0.9.1 | 63.00 | 318.00 | 381.00 | NOTE | |
r-patched-linux-x86_64 | 0.9.1 | 79.82 | 392.80 | 472.62 | OK | |
r-release-linux-x86_64 | 0.9.1 | 71.16 | 395.85 | 467.01 | OK | |
r-release-macos-arm64 | 0.9.1 | 166.00 | NOTE | |||
r-release-macos-x86_64 | 0.9.1 | 176.00 | NOTE | |||
r-release-windows-x86_64 | 0.9.1 | 69.00 | 311.00 | 380.00 | NOTE | |
r-oldrel-macos-arm64 | 0.9.1 | 124.00 | NOTE | |||
r-oldrel-macos-x86_64 | 0.9.1 | 213.00 | NOTE | |||
r-oldrel-windows-x86_64 | 0.9.1 | 68.00 | 411.00 | 479.00 | NOTE |
Version: 0.9.1
Check: package dependencies
Result: NOTE
Imports includes 38 non-default packages.
Importing from so many packages makes the package vulnerable to any of
them becoming unavailable. Move as many as possible to Suggests and
use conditionally.
Flavor: r-devel-linux-x86_64-fedora-clang
Version: 0.9.1
Check: installed package size
Result: NOTE
installed size is 6.6Mb
sub-directories of 1Mb or more:
data 3.3Mb
doc 1.6Mb
Flavors: r-devel-linux-x86_64-fedora-clang, r-devel-windows-x86_64, r-release-macos-arm64, r-release-macos-x86_64, r-release-windows-x86_64, r-oldrel-macos-arm64, r-oldrel-macos-x86_64, r-oldrel-windows-x86_64