Last updated on 2024-05-02 05:12:39 CEST.
Flavor | Version | Tinstall | Tcheck | Ttotal | Status | Flags |
---|---|---|---|---|---|---|
r-devel-linux-x86_64-debian-clang | 1.51.0 | 22.00 | 132.23 | 154.23 | NOTE | |
r-devel-linux-x86_64-debian-gcc | 1.51.0 | 15.67 | 95.65 | 111.32 | NOTE | |
r-devel-linux-x86_64-fedora-clang | 1.51.0 | 204.04 | NOTE | |||
r-devel-linux-x86_64-fedora-gcc | 1.51.0 | 198.31 | NOTE | |||
r-devel-windows-x86_64 | 1.51.0 | 17.00 | 117.00 | 134.00 | NOTE | |
r-patched-linux-x86_64 | 1.51.0 | 18.81 | 122.05 | 140.86 | NOTE | |
r-release-linux-x86_64 | 1.51.0 | 22.25 | 127.37 | 149.62 | NOTE | |
r-release-macos-arm64 | 1.51.0 | 64.00 | NOTE | |||
r-release-windows-x86_64 | 1.51.0 | 18.00 | 117.00 | 135.00 | NOTE | |
r-oldrel-macos-arm64 | 1.51.0 | 63.00 | NOTE | |||
r-oldrel-macos-x86_64 | 1.51.0 | 236.00 | NOTE | |||
r-oldrel-windows-x86_64 | 1.51.0 | 24.00 | 139.00 | 163.00 | NOTE |
Version: 1.51.0
Check: package dependencies
Result: NOTE
Package suggested but not available for checking: ‘SparkR’
Flavors: r-devel-linux-x86_64-debian-clang, r-devel-linux-x86_64-debian-gcc, r-devel-linux-x86_64-fedora-clang, r-devel-linux-x86_64-fedora-gcc, r-devel-windows-x86_64, r-patched-linux-x86_64, r-release-linux-x86_64, r-release-macos-arm64, r-release-windows-x86_64, r-oldrel-macos-arm64, r-oldrel-macos-x86_64, r-oldrel-windows-x86_64