Last updated on 2024-04-19 16:58:44 CEST.
Flavor | Version | Tinstall | Tcheck | Ttotal | Status | Flags |
---|---|---|---|---|---|---|
r-devel-linux-x86_64-debian-clang | 0.9.0 | 2.31 | 23.91 | 26.22 | NOTE | |
r-devel-linux-x86_64-debian-gcc | 0.9.0 | NOTE | ||||
r-devel-linux-x86_64-fedora-clang | 0.9.0 | 33.19 | NOTE | |||
r-devel-linux-x86_64-fedora-gcc | 0.9.0 | 31.27 | NOTE | |||
r-prerel-macos-arm64 | 0.9.0 | 14.00 | NOTE | |||
r-prerel-windows-x86_64 | 0.9.0 | 3.00 | 40.00 | 43.00 | NOTE | |
r-patched-linux-x86_64 | 0.9.0 | 1.68 | 23.83 | 25.51 | NOTE | |
r-release-linux-x86_64 | 0.9.0 | 2.27 | 23.80 | 26.07 | NOTE | |
r-release-macos-arm64 | 0.9.0 | 15.00 | NOTE | |||
r-release-macos-x86_64 | 0.9.0 | 20.00 | NOTE | |||
r-release-windows-x86_64 | 0.9.0 | 3.00 | 40.00 | 43.00 | NOTE | |
r-oldrel-macos-arm64 | 0.9.0 | 15.00 | NOTE | |||
r-oldrel-windows-x86_64 | 0.9.0 | 3.00 | 45.00 | 48.00 | NOTE |
Version: 0.9.0
Check: LazyData
Result: NOTE
'LazyData' is specified without a 'data' directory
Flavors: r-devel-linux-x86_64-debian-clang, r-devel-linux-x86_64-debian-gcc, r-devel-linux-x86_64-fedora-clang, r-devel-linux-x86_64-fedora-gcc, r-prerel-macos-arm64, r-prerel-windows-x86_64, r-patched-linux-x86_64, r-release-linux-x86_64, r-release-macos-arm64, r-release-macos-x86_64, r-release-windows-x86_64, r-oldrel-macos-arm64, r-oldrel-windows-x86_64