Last updated on 2024-04-23 16:58:17 CEST.
Flavor | Version | Tinstall | Tcheck | Ttotal | Status | Flags |
---|---|---|---|---|---|---|
r-devel-linux-x86_64-debian-clang | 0.2.4 | 9.13 | 73.12 | 82.25 | OK | |
r-devel-linux-x86_64-debian-gcc | 0.2.4 | 6.23 | 53.00 | 59.23 | OK | |
r-devel-linux-x86_64-fedora-clang | 0.2.4 | 99.84 | NOTE | |||
r-devel-linux-x86_64-fedora-gcc | 0.2.4 | 115.48 | NOTE | |||
r-prerel-macos-arm64 | 0.2.4 | 41.00 | NOTE | |||
r-prerel-windows-x86_64 | 0.2.4 | 10.00 | 73.00 | 83.00 | NOTE | |
r-patched-linux-x86_64 | 0.2.4 | 9.00 | 70.04 | 79.04 | OK | |
r-release-linux-x86_64 | 0.2.4 | 6.08 | 66.69 | 72.77 | OK | |
r-release-macos-arm64 | 0.2.4 | 44.00 | NOTE | |||
r-release-macos-x86_64 | 0.2.4 | 87.00 | NOTE | |||
r-release-windows-x86_64 | 0.2.4 | 14.00 | 82.00 | 96.00 | NOTE | |
r-oldrel-macos-arm64 | 0.2.4 | 39.00 | NOTE | |||
r-oldrel-windows-x86_64 | 0.2.4 | 12.00 | 91.00 | 103.00 | NOTE |
Version: 0.2.4
Check: installed package size
Result: NOTE
installed size is 5.2Mb
sub-directories of 1Mb or more:
data 4.8Mb
Flavors: r-devel-linux-x86_64-fedora-clang, r-prerel-macos-arm64, r-prerel-windows-x86_64, r-release-macos-arm64, r-release-macos-x86_64, r-release-windows-x86_64, r-oldrel-macos-arm64, r-oldrel-windows-x86_64
Version: 0.2.4
Check: data for non-ASCII characters
Result: NOTE
Note: found 20255 marked UTF-8 strings
Flavors: r-devel-linux-x86_64-fedora-clang, r-devel-linux-x86_64-fedora-gcc