Last updated on 2024-05-02 05:12:38 CEST.
Flavor | Version | Tinstall | Tcheck | Ttotal | Status | Flags |
---|---|---|---|---|---|---|
r-devel-linux-x86_64-debian-clang | 4.0.1 | 21.33 | 211.44 | 232.77 | OK | |
r-devel-linux-x86_64-debian-gcc | 4.0.1 | 16.49 | 152.80 | 169.29 | OK | |
r-devel-linux-x86_64-fedora-clang | 4.0.1 | 296.98 | NOTE | |||
r-devel-linux-x86_64-fedora-gcc | 4.0.1 | 268.27 | OK | |||
r-devel-windows-x86_64 | 4.0.1 | 18.00 | 174.00 | 192.00 | NOTE | |
r-patched-linux-x86_64 | 4.0.1 | 28.45 | 196.46 | 224.91 | OK | |
r-release-linux-x86_64 | 4.0.1 | 17.16 | 198.94 | 216.10 | OK | |
r-release-macos-arm64 | 4.0.1 | 68.00 | NOTE | |||
r-release-macos-x86_64 | 4.0.1 | 170.00 | NOTE | |||
r-release-windows-x86_64 | 4.0.1 | 18.00 | 174.00 | 192.00 | NOTE | |
r-oldrel-macos-arm64 | 4.0.1 | 89.00 | NOTE | |||
r-oldrel-macos-x86_64 | 4.0.1 | 190.00 | NOTE | |||
r-oldrel-windows-x86_64 | 4.0.1 | 25.00 | 220.00 | 245.00 | NOTE |
Version: 4.0.1
Check: installed package size
Result: NOTE
installed size is 5.5Mb
sub-directories of 1Mb or more:
help 5.2Mb
Flavors: r-devel-linux-x86_64-fedora-clang, r-devel-windows-x86_64, r-release-macos-arm64, r-release-macos-x86_64, r-release-windows-x86_64, r-oldrel-macos-arm64, r-oldrel-macos-x86_64, r-oldrel-windows-x86_64
Version: 4.0.1
Check: Rd cross-references
Result: NOTE
Undeclared package ‘gratia’ in Rd xrefs
Flavor: r-devel-linux-x86_64-fedora-clang